{"id":470,"date":"2023-12-09T08:48:38","date_gmt":"2023-12-09T07:48:38","guid":{"rendered":"https:\/\/serbenidorm.daliisolutions.com\/index.php\/dm-podcast\/maria-perez-pspv-no-se-en-que-ciudad-ha-vivido-catala-en-los-ultimos-anos\/"},"modified":"2023-12-09T08:48:38","modified_gmt":"2023-12-09T07:48:38","slug":"maria-perez-pspv-no-se-en-que-ciudad-ha-vivido-catala-en-los-ultimos-anos","status":"publish","type":"dm-podcast","link":"https:\/\/serbenidorm.daliisolutions.com\/index.php\/dm-podcast\/maria-perez-pspv-no-se-en-que-ciudad-ha-vivido-catala-en-los-ultimos-anos\/","title":{"rendered":"Mar\u00eda P\u00e9rez (PSPV): \u00abNo s\u00e9 en qu\u00e9 ciudad ha vivido Catal\u00e1 en los \u00faltimos a\u00f1os\u00bb"},"featured_media":0,"template":"","meta":{"_acf_changed":false},"dm-programa":[7],"class_list":["post-470","dm-podcast","type-dm-podcast","status-publish","hentry","dm-programa-podcast-radio-valencia-hora-14-comunitat-valenciana-2298"],"acf":{"url":"https:\/\/sdmedia.playser.cadenaser.com\/playser\/multimedia\/202312\/8\/1702038608853_1702038624_audio_128.mp3"},"_links":{"self":[{"href":"https:\/\/serbenidorm.daliisolutions.com\/index.php\/wp-json\/wp\/v2\/dm-podcast\/470","targetHints":{"allow":["GET"]}}],"collection":[{"href":"https:\/\/serbenidorm.daliisolutions.com\/index.php\/wp-json\/wp\/v2\/dm-podcast"}],"about":[{"href":"https:\/\/serbenidorm.daliisolutions.com\/index.php\/wp-json\/wp\/v2\/types\/dm-podcast"}],"wp:attachment":[{"href":"https:\/\/serbenidorm.daliisolutions.com\/index.php\/wp-json\/wp\/v2\/media?parent=470"}],"wp:term":[{"taxonomy":"dm-programa","embeddable":true,"href":"https:\/\/serbenidorm.daliisolutions.com\/index.php\/wp-json\/wp\/v2\/dm-programa?post=470"}],"curies":[{"name":"wp","href":"https:\/\/api.w.org\/{rel}","templated":true}]}}

María Pérez (PSPV): «No sé en qué ciudad ha vivido Catalá en los últimos años»
