{"id":4700,"date":"2024-05-03T14:03:17","date_gmt":"2024-05-03T12:03:17","guid":{"rendered":"https:\/\/serbenidorm.daliisolutions.com\/index.php\/dm-podcast\/la-periodista-britanica-michelle-baker-nos-habla-de-como-celebran-el-dia-de-la-madre-los-britanicos-residentes-en-benidorm\/"},"modified":"2024-05-03T14:03:17","modified_gmt":"2024-05-03T12:03:17","slug":"la-periodista-britanica-michelle-baker-nos-habla-de-como-celebran-el-dia-de-la-madre-los-britanicos-residentes-en-benidorm","status":"publish","type":"dm-podcast","link":"https:\/\/serbenidorm.daliisolutions.com\/index.php\/dm-podcast\/la-periodista-britanica-michelle-baker-nos-habla-de-como-celebran-el-dia-de-la-madre-los-britanicos-residentes-en-benidorm\/","title":{"rendered":"La periodista brit\u00e1nica Michelle Baker nos habla de c\u00f3mo celebran el D\u00eda de la Madre los brit\u00e1nicos residentes en Benidorm"},"featured_media":0,"template":"","meta":{"_acf_changed":false},"dm-programa":[10],"class_list":["post-4700","dm-podcast","type-dm-podcast","status-publish","hentry","dm-programa-podcast-radio-benidorm-hoy-por-hoy-benidorm-2992"],"acf":{"url":"https:\/\/sdmedia.playser.cadenaser.com\/playser\/multimedia\/20245\/3\/1714730558125_1714730681_audio_128.mp3"},"_links":{"self":[{"href":"https:\/\/serbenidorm.daliisolutions.com\/index.php\/wp-json\/wp\/v2\/dm-podcast\/4700","targetHints":{"allow":["GET"]}}],"collection":[{"href":"https:\/\/serbenidorm.daliisolutions.com\/index.php\/wp-json\/wp\/v2\/dm-podcast"}],"about":[{"href":"https:\/\/serbenidorm.daliisolutions.com\/index.php\/wp-json\/wp\/v2\/types\/dm-podcast"}],"wp:attachment":[{"href":"https:\/\/serbenidorm.daliisolutions.com\/index.php\/wp-json\/wp\/v2\/media?parent=4700"}],"wp:term":[{"taxonomy":"dm-programa","embeddable":true,"href":"https:\/\/serbenidorm.daliisolutions.com\/index.php\/wp-json\/wp\/v2\/dm-programa?post=4700"}],"curies":[{"name":"wp","href":"https:\/\/api.w.org\/{rel}","templated":true}]}}

La periodista británica Michelle Baker nos habla de cómo celebran el Día de la Madre los británicos residentes en Benidorm
