{"id":4705,"date":"2024-05-03T14:03:17","date_gmt":"2024-05-03T12:03:17","guid":{"rendered":"https:\/\/serbenidorm.daliisolutions.com\/index.php\/dm-podcast\/miguel-barrachina-sindic-del-pp-en-les-corts-vuelve-a-defender-la-denominada-ley-de-la-concordia-e-insiste-en-que-la-intencion-de-pp-y-vox-es-ampliar-el-reconocimiento-de-las-victimas\/"},"modified":"2024-05-03T14:03:17","modified_gmt":"2024-05-03T12:03:17","slug":"miguel-barrachina-sindic-del-pp-en-les-corts-vuelve-a-defender-la-denominada-ley-de-la-concordia-e-insiste-en-que-la-intencion-de-pp-y-vox-es-ampliar-el-reconocimiento-de-las-victimas","status":"publish","type":"dm-podcast","link":"https:\/\/serbenidorm.daliisolutions.com\/index.php\/dm-podcast\/miguel-barrachina-sindic-del-pp-en-les-corts-vuelve-a-defender-la-denominada-ley-de-la-concordia-e-insiste-en-que-la-intencion-de-pp-y-vox-es-ampliar-el-reconocimiento-de-las-victimas\/","title":{"rendered":"Miguel Barrachina (s\u00edndic del PP en Les Corts) vuelve a defender la denominada ley de la Concordia e insiste en que la intenci\u00f3n de PP y Vox es ampliar el reconocimiento de las v\u00edctimas"},"featured_media":0,"template":"","meta":{"_acf_changed":false},"dm-programa":[7],"class_list":["post-4705","dm-podcast","type-dm-podcast","status-publish","hentry","dm-programa-podcast-radio-valencia-hora-14-comunitat-valenciana-2298"],"acf":{"url":"https:\/\/sdmedia.playser.cadenaser.com\/playser\/multimedia\/20245\/3\/1714725963507_1714725957_audio_128.mp3"},"_links":{"self":[{"href":"https:\/\/serbenidorm.daliisolutions.com\/index.php\/wp-json\/wp\/v2\/dm-podcast\/4705","targetHints":{"allow":["GET"]}}],"collection":[{"href":"https:\/\/serbenidorm.daliisolutions.com\/index.php\/wp-json\/wp\/v2\/dm-podcast"}],"about":[{"href":"https:\/\/serbenidorm.daliisolutions.com\/index.php\/wp-json\/wp\/v2\/types\/dm-podcast"}],"wp:attachment":[{"href":"https:\/\/serbenidorm.daliisolutions.com\/index.php\/wp-json\/wp\/v2\/media?parent=4705"}],"wp:term":[{"taxonomy":"dm-programa","embeddable":true,"href":"https:\/\/serbenidorm.daliisolutions.com\/index.php\/wp-json\/wp\/v2\/dm-programa?post=4705"}],"curies":[{"name":"wp","href":"https:\/\/api.w.org\/{rel}","templated":true}]}}

Miguel Barrachina (síndic del PP en Les Corts) vuelve a defender la denominada ley de la Concordia e insiste en que la intención de PP y Vox es ampliar el reconocimiento de las víctimas
