{"id":4706,"date":"2024-05-03T14:03:17","date_gmt":"2024-05-03T12:03:17","guid":{"rendered":"https:\/\/serbenidorm.daliisolutions.com\/index.php\/dm-podcast\/jose-maria-llanos-sindic-de-vox-dice-que-la-onu-vulnera-la-independencia-y-la-libertad-de-accion-de-los-paises\/"},"modified":"2024-05-03T14:03:17","modified_gmt":"2024-05-03T12:03:17","slug":"jose-maria-llanos-sindic-de-vox-dice-que-la-onu-vulnera-la-independencia-y-la-libertad-de-accion-de-los-paises","status":"publish","type":"dm-podcast","link":"https:\/\/serbenidorm.daliisolutions.com\/index.php\/dm-podcast\/jose-maria-llanos-sindic-de-vox-dice-que-la-onu-vulnera-la-independencia-y-la-libertad-de-accion-de-los-paises\/","title":{"rendered":"Jos\u00e9 Mar\u00eda Llanos (s\u00edndic de Vox) dice que la ONU vulnera la independencia y la libertad de acci\u00f3n de los pa\u00edses"},"featured_media":0,"template":"","meta":{"_acf_changed":false},"dm-programa":[7],"class_list":["post-4706","dm-podcast","type-dm-podcast","status-publish","hentry","dm-programa-podcast-radio-valencia-hora-14-comunitat-valenciana-2298"],"acf":{"url":"https:\/\/sdmedia.playser.cadenaser.com\/playser\/multimedia\/20245\/3\/1714726027330_1714726026_audio_128.mp3"},"_links":{"self":[{"href":"https:\/\/serbenidorm.daliisolutions.com\/index.php\/wp-json\/wp\/v2\/dm-podcast\/4706","targetHints":{"allow":["GET"]}}],"collection":[{"href":"https:\/\/serbenidorm.daliisolutions.com\/index.php\/wp-json\/wp\/v2\/dm-podcast"}],"about":[{"href":"https:\/\/serbenidorm.daliisolutions.com\/index.php\/wp-json\/wp\/v2\/types\/dm-podcast"}],"wp:attachment":[{"href":"https:\/\/serbenidorm.daliisolutions.com\/index.php\/wp-json\/wp\/v2\/media?parent=4706"}],"wp:term":[{"taxonomy":"dm-programa","embeddable":true,"href":"https:\/\/serbenidorm.daliisolutions.com\/index.php\/wp-json\/wp\/v2\/dm-programa?post=4706"}],"curies":[{"name":"wp","href":"https:\/\/api.w.org\/{rel}","templated":true}]}}

José María Llanos (síndic de Vox) dice que la ONU vulnera la independencia y la libertad de acción de los países
