{"id":4709,"date":"2024-05-03T14:03:17","date_gmt":"2024-05-03T12:03:17","guid":{"rendered":""},"modified":"2024-05-03T14:03:17","modified_gmt":"2024-05-03T12:03:17","slug":"joan-baldovi-sindic-de-compromis-recuerda-que-la-onu-alerta-de-que-la-nueva-ley-de-la-concordia-puede-conducir-a-la-invisibilizacion-de-graves-atentados-de-los-derechos-humanos-cometidos-durante-la","status":"publish","type":"dm-podcast","link":"https:\/\/serbenidorm.daliisolutions.com\/index.php\/dm-podcast\/joan-baldovi-sindic-de-compromis-recuerda-que-la-onu-alerta-de-que-la-nueva-ley-de-la-concordia-puede-conducir-a-la-invisibilizacion-de-graves-atentados-de-los-derechos-humanos-cometidos-durante-la\/","title":{"rendered":"Joan Baldov\u00ed (s\u00edndic de Comprom\u00eds) recuerda que la ONU alerta de que la nueva ley de la Concordia puede conducir a la invisibilizaci\u00f3n de graves atentados de los derechos humanos cometidos durante la Dictadura franquista y que atenta contra la legisl"},"featured_media":0,"template":"","meta":{"_acf_changed":false},"dm-programa":[7],"class_list":["post-4709","dm-podcast","type-dm-podcast","status-publish","hentry","dm-programa-podcast-radio-valencia-hora-14-comunitat-valenciana-2298"],"acf":{"url":"https:\/\/sdmedia.playser.cadenaser.com\/playser\/multimedia\/20245\/3\/1714726116770_1714726141_audio_128.mp3"},"_links":{"self":[{"href":"https:\/\/serbenidorm.daliisolutions.com\/index.php\/wp-json\/wp\/v2\/dm-podcast\/4709","targetHints":{"allow":["GET"]}}],"collection":[{"href":"https:\/\/serbenidorm.daliisolutions.com\/index.php\/wp-json\/wp\/v2\/dm-podcast"}],"about":[{"href":"https:\/\/serbenidorm.daliisolutions.com\/index.php\/wp-json\/wp\/v2\/types\/dm-podcast"}],"wp:attachment":[{"href":"https:\/\/serbenidorm.daliisolutions.com\/index.php\/wp-json\/wp\/v2\/media?parent=4709"}],"wp:term":[{"taxonomy":"dm-programa","embeddable":true,"href":"https:\/\/serbenidorm.daliisolutions.com\/index.php\/wp-json\/wp\/v2\/dm-programa?post=4709"}],"curies":[{"name":"wp","href":"https:\/\/api.w.org\/{rel}","templated":true}]}}

Joan Baldoví (síndic de Compromís) recuerda que la ONU alerta de que la nueva ley de la Concordia puede conducir a la invisibilización de graves atentados de los derechos humanos cometidos durante la Dictadura franquista y que atenta contra la legisl
