{"id":4711,"date":"2024-05-03T14:55:32","date_gmt":"2024-05-03T12:55:32","guid":{"rendered":"https:\/\/serbenidorm.daliisolutions.com\/index.php\/dm-podcast\/german-zaragoza-presidente-de-la-federacion-de-penas-taurinas-de-la-comunitat-valenciana-considera-que-el-ministro-de-cultura-ernest-urtasun-no-puede-seguir-siendolo\/"},"modified":"2024-05-03T14:55:32","modified_gmt":"2024-05-03T12:55:32","slug":"german-zaragoza-presidente-de-la-federacion-de-penas-taurinas-de-la-comunitat-valenciana-considera-que-el-ministro-de-cultura-ernest-urtasun-no-puede-seguir-siendolo","status":"publish","type":"dm-podcast","link":"https:\/\/serbenidorm.daliisolutions.com\/index.php\/dm-podcast\/german-zaragoza-presidente-de-la-federacion-de-penas-taurinas-de-la-comunitat-valenciana-considera-que-el-ministro-de-cultura-ernest-urtasun-no-puede-seguir-siendolo\/","title":{"rendered":"Germ\u00e1n Zaragoza, presidente de la Federaci\u00f3n de Pe\u00f1as Taurinas de la Comunitat Valenciana, considera que el Ministro de Cultura, Ernest Urtasun, no puede seguir si\u00e9ndolo"},"featured_media":0,"template":"","meta":{"_acf_changed":false},"dm-programa":[7],"class_list":["post-4711","dm-podcast","type-dm-podcast","status-publish","hentry","dm-programa-podcast-radio-valencia-hora-14-comunitat-valenciana-2298"],"acf":{"url":"https:\/\/sdmedia.playser.cadenaser.com\/playser\/multimedia\/20245\/3\/1714728938077_1714729021_audio_128.mp3"},"_links":{"self":[{"href":"https:\/\/serbenidorm.daliisolutions.com\/index.php\/wp-json\/wp\/v2\/dm-podcast\/4711","targetHints":{"allow":["GET"]}}],"collection":[{"href":"https:\/\/serbenidorm.daliisolutions.com\/index.php\/wp-json\/wp\/v2\/dm-podcast"}],"about":[{"href":"https:\/\/serbenidorm.daliisolutions.com\/index.php\/wp-json\/wp\/v2\/types\/dm-podcast"}],"wp:attachment":[{"href":"https:\/\/serbenidorm.daliisolutions.com\/index.php\/wp-json\/wp\/v2\/media?parent=4711"}],"wp:term":[{"taxonomy":"dm-programa","embeddable":true,"href":"https:\/\/serbenidorm.daliisolutions.com\/index.php\/wp-json\/wp\/v2\/dm-programa?post=4711"}],"curies":[{"name":"wp","href":"https:\/\/api.w.org\/{rel}","templated":true}]}}

Germán Zaragoza, presidente de la Federación de Peñas Taurinas de la Comunitat Valenciana, considera que el Ministro de Cultura, Ernest Urtasun, no puede seguir siéndolo
