{"id":472,"date":"2023-12-09T08:48:38","date_gmt":"2023-12-09T07:48:38","guid":{"rendered":"https:\/\/serbenidorm.daliisolutions.com\/index.php\/dm-podcast\/amparo-piquer-mes-no-considerem-convenient-que-simplante-una-altra-forca-politica-al-pais-valencia\/"},"modified":"2023-12-09T08:48:38","modified_gmt":"2023-12-09T07:48:38","slug":"amparo-piquer-mes-no-considerem-convenient-que-simplante-una-altra-forca-politica-al-pais-valencia","status":"publish","type":"dm-podcast","link":"https:\/\/serbenidorm.daliisolutions.com\/index.php\/dm-podcast\/amparo-piquer-mes-no-considerem-convenient-que-simplante-una-altra-forca-politica-al-pais-valencia\/","title":{"rendered":"Amparo Piquer (M\u00e9s): \u00abNo considerem convenient que s&#8217;implante una altra for\u00e7a pol\u00edtica al Pa\u00eds Valenci\u00e0\u00bb"},"featured_media":0,"template":"","meta":{"_acf_changed":false},"dm-programa":[7],"class_list":["post-472","dm-podcast","type-dm-podcast","status-publish","hentry","dm-programa-podcast-radio-valencia-hora-14-comunitat-valenciana-2298"],"acf":{"url":"https:\/\/sdmedia.playser.cadenaser.com\/playser\/multimedia\/202312\/8\/1702032634132_1702032643_audio_128.mp3"},"_links":{"self":[{"href":"https:\/\/serbenidorm.daliisolutions.com\/index.php\/wp-json\/wp\/v2\/dm-podcast\/472","targetHints":{"allow":["GET"]}}],"collection":[{"href":"https:\/\/serbenidorm.daliisolutions.com\/index.php\/wp-json\/wp\/v2\/dm-podcast"}],"about":[{"href":"https:\/\/serbenidorm.daliisolutions.com\/index.php\/wp-json\/wp\/v2\/types\/dm-podcast"}],"wp:attachment":[{"href":"https:\/\/serbenidorm.daliisolutions.com\/index.php\/wp-json\/wp\/v2\/media?parent=472"}],"wp:term":[{"taxonomy":"dm-programa","embeddable":true,"href":"https:\/\/serbenidorm.daliisolutions.com\/index.php\/wp-json\/wp\/v2\/dm-programa?post=472"}],"curies":[{"name":"wp","href":"https:\/\/api.w.org\/{rel}","templated":true}]}}

Amparo Piquer (Més): «No considerem convenient que s&#8217;implante una altra força política al País Valencià»
