{"id":4723,"date":"2024-05-03T18:16:15","date_gmt":"2024-05-03T16:16:15","guid":{"rendered":"https:\/\/serbenidorm.daliisolutions.com\/index.php\/dm-podcast\/raul-merida-dg-medio-natural-explica-las-ayudas-para-animales-de-compania\/"},"modified":"2024-05-03T18:16:15","modified_gmt":"2024-05-03T16:16:15","slug":"raul-merida-dg-medio-natural-explica-las-ayudas-para-animales-de-compania","status":"publish","type":"dm-podcast","link":"https:\/\/serbenidorm.daliisolutions.com\/index.php\/dm-podcast\/raul-merida-dg-medio-natural-explica-las-ayudas-para-animales-de-compania\/","title":{"rendered":"Ra\u00fal M\u00e9rida (DG Medio natural) explica las ayudas para animales de compa\u00f1\u00eda"},"featured_media":0,"template":"","meta":{"_acf_changed":false},"dm-programa":[7],"class_list":["post-4723","dm-podcast","type-dm-podcast","status-publish","hentry","dm-programa-podcast-radio-valencia-hora-14-comunitat-valenciana-2298"],"acf":{"url":"https:\/\/sdmedia.playser.cadenaser.com\/playser\/multimedia\/20245\/3\/1714733991454_1714734003_audio_128.mp3"},"_links":{"self":[{"href":"https:\/\/serbenidorm.daliisolutions.com\/index.php\/wp-json\/wp\/v2\/dm-podcast\/4723","targetHints":{"allow":["GET"]}}],"collection":[{"href":"https:\/\/serbenidorm.daliisolutions.com\/index.php\/wp-json\/wp\/v2\/dm-podcast"}],"about":[{"href":"https:\/\/serbenidorm.daliisolutions.com\/index.php\/wp-json\/wp\/v2\/types\/dm-podcast"}],"wp:attachment":[{"href":"https:\/\/serbenidorm.daliisolutions.com\/index.php\/wp-json\/wp\/v2\/media?parent=4723"}],"wp:term":[{"taxonomy":"dm-programa","embeddable":true,"href":"https:\/\/serbenidorm.daliisolutions.com\/index.php\/wp-json\/wp\/v2\/dm-programa?post=4723"}],"curies":[{"name":"wp","href":"https:\/\/api.w.org\/{rel}","templated":true}]}}

Raúl Mérida (DG Medio natural) explica las ayudas para animales de compañía
