{"id":4745,"date":"2024-05-04T15:08:02","date_gmt":"2024-05-04T13:08:02","guid":{"rendered":"https:\/\/serbenidorm.daliisolutions.com\/index.php\/dm-podcast\/carlos-mazon-president-de-la-generalitat-dice-que-el-informe-de-la-onu-no-forma-parte-de-ninguna-resolucion-y-que-todo-obedece-a-una-estrategia-del-gobierno-de-espana\/"},"modified":"2024-05-04T15:08:02","modified_gmt":"2024-05-04T13:08:02","slug":"carlos-mazon-president-de-la-generalitat-dice-que-el-informe-de-la-onu-no-forma-parte-de-ninguna-resolucion-y-que-todo-obedece-a-una-estrategia-del-gobierno-de-espana","status":"publish","type":"dm-podcast","link":"https:\/\/serbenidorm.daliisolutions.com\/index.php\/dm-podcast\/carlos-mazon-president-de-la-generalitat-dice-que-el-informe-de-la-onu-no-forma-parte-de-ninguna-resolucion-y-que-todo-obedece-a-una-estrategia-del-gobierno-de-espana\/","title":{"rendered":"Carlos Maz\u00f3n (president de la Generalitat) dice que el informe de la ONU no forma parte de ninguna resoluci\u00f3n y que todo obedece a una estrategia del Gobierno de Espa\u00f1a"},"featured_media":0,"template":"","meta":{"_acf_changed":false},"dm-programa":[7],"class_list":["post-4745","dm-podcast","type-dm-podcast","status-publish","hentry","dm-programa-podcast-radio-valencia-hora-14-comunitat-valenciana-2298"],"acf":{"url":"https:\/\/sdmedia.playser.cadenaser.com\/playser\/multimedia\/20245\/4\/1714820968411_1714821040_audio_128.mp3"},"_links":{"self":[{"href":"https:\/\/serbenidorm.daliisolutions.com\/index.php\/wp-json\/wp\/v2\/dm-podcast\/4745","targetHints":{"allow":["GET"]}}],"collection":[{"href":"https:\/\/serbenidorm.daliisolutions.com\/index.php\/wp-json\/wp\/v2\/dm-podcast"}],"about":[{"href":"https:\/\/serbenidorm.daliisolutions.com\/index.php\/wp-json\/wp\/v2\/types\/dm-podcast"}],"wp:attachment":[{"href":"https:\/\/serbenidorm.daliisolutions.com\/index.php\/wp-json\/wp\/v2\/media?parent=4745"}],"wp:term":[{"taxonomy":"dm-programa","embeddable":true,"href":"https:\/\/serbenidorm.daliisolutions.com\/index.php\/wp-json\/wp\/v2\/dm-programa?post=4745"}],"curies":[{"name":"wp","href":"https:\/\/api.w.org\/{rel}","templated":true}]}}

Carlos Mazón (president de la Generalitat) dice que el informe de la ONU no forma parte de ninguna resolución y que todo obedece a una estrategia del Gobierno de España
