{"id":4746,"date":"2024-05-04T15:08:02","date_gmt":"2024-05-04T13:08:02","guid":{"rendered":"https:\/\/serbenidorm.daliisolutions.com\/index.php\/dm-podcast\/esther-monge-bds-pais-valencia-explica-que-estan-realizando-una-accion-politica-no-violenta-y-que-por-eso-han-tomado-el-interior-de-la-facultad-de-filosofia-de-la-universitat-de-valencia\/"},"modified":"2024-05-04T15:08:02","modified_gmt":"2024-05-04T13:08:02","slug":"esther-monge-bds-pais-valencia-explica-que-estan-realizando-una-accion-politica-no-violenta-y-que-por-eso-han-tomado-el-interior-de-la-facultad-de-filosofia-de-la-universitat-de-valencia","status":"publish","type":"dm-podcast","link":"https:\/\/serbenidorm.daliisolutions.com\/index.php\/dm-podcast\/esther-monge-bds-pais-valencia-explica-que-estan-realizando-una-accion-politica-no-violenta-y-que-por-eso-han-tomado-el-interior-de-la-facultad-de-filosofia-de-la-universitat-de-valencia\/","title":{"rendered":"Esther Monge (BDS Pa\u00eds Valenci\u00e0) explica que est\u00e1n realizando una \u00abacci\u00f3n pol\u00edtica no violenta\u00bb y que por eso han tomado el interior de la Facultad de Filosof\u00eda de la Universitat de Val\u00e8ncia"},"featured_media":0,"template":"","meta":{"_acf_changed":false},"dm-programa":[7],"class_list":["post-4746","dm-podcast","type-dm-podcast","status-publish","hentry","dm-programa-podcast-radio-valencia-hora-14-comunitat-valenciana-2298"],"acf":{"url":"https:\/\/sdmedia.playser.cadenaser.com\/playser\/multimedia\/20245\/4\/1714823346870_1714823366_audio_128.mp3"},"_links":{"self":[{"href":"https:\/\/serbenidorm.daliisolutions.com\/index.php\/wp-json\/wp\/v2\/dm-podcast\/4746","targetHints":{"allow":["GET"]}}],"collection":[{"href":"https:\/\/serbenidorm.daliisolutions.com\/index.php\/wp-json\/wp\/v2\/dm-podcast"}],"about":[{"href":"https:\/\/serbenidorm.daliisolutions.com\/index.php\/wp-json\/wp\/v2\/types\/dm-podcast"}],"wp:attachment":[{"href":"https:\/\/serbenidorm.daliisolutions.com\/index.php\/wp-json\/wp\/v2\/media?parent=4746"}],"wp:term":[{"taxonomy":"dm-programa","embeddable":true,"href":"https:\/\/serbenidorm.daliisolutions.com\/index.php\/wp-json\/wp\/v2\/dm-programa?post=4746"}],"curies":[{"name":"wp","href":"https:\/\/api.w.org\/{rel}","templated":true}]}}

Esther Monge (BDS País Valencià) explica que están realizando una «acción política no violenta» y que por eso han tomado el interior de la Facultad de Filosofía de la Universitat de València
