{"id":4749,"date":"2024-05-04T16:51:22","date_gmt":"2024-05-04T14:51:22","guid":{"rendered":"https:\/\/serbenidorm.daliisolutions.com\/index.php\/dm-podcast\/yolanda-beltran-presidenta-de-la-asociacion-vecinal-de-el-perellonet-demanda-mas-informacion-sobre-el-proyecto-de-plan-de-reforma-interior\/"},"modified":"2024-05-04T16:51:22","modified_gmt":"2024-05-04T14:51:22","slug":"yolanda-beltran-presidenta-de-la-asociacion-vecinal-de-el-perellonet-demanda-mas-informacion-sobre-el-proyecto-de-plan-de-reforma-interior","status":"publish","type":"dm-podcast","link":"https:\/\/serbenidorm.daliisolutions.com\/index.php\/dm-podcast\/yolanda-beltran-presidenta-de-la-asociacion-vecinal-de-el-perellonet-demanda-mas-informacion-sobre-el-proyecto-de-plan-de-reforma-interior\/","title":{"rendered":"Yolanda Beltr\u00e1n (presidenta de la asociaci\u00f3n vecinal de El Perellonet) demanda m\u00e1s informaci\u00f3n sobre el proyecto de Plan de Reforma Interior"},"featured_media":0,"template":"","meta":{"_acf_changed":false},"dm-programa":[7],"class_list":["post-4749","dm-podcast","type-dm-podcast","status-publish","hentry","dm-programa-podcast-radio-valencia-hora-14-comunitat-valenciana-2298"],"acf":{"url":"https:\/\/sdmedia.playser.cadenaser.com\/playser\/multimedia\/20245\/4\/1714815305322_1714815304_audio_128.mp3"},"_links":{"self":[{"href":"https:\/\/serbenidorm.daliisolutions.com\/index.php\/wp-json\/wp\/v2\/dm-podcast\/4749","targetHints":{"allow":["GET"]}}],"collection":[{"href":"https:\/\/serbenidorm.daliisolutions.com\/index.php\/wp-json\/wp\/v2\/dm-podcast"}],"about":[{"href":"https:\/\/serbenidorm.daliisolutions.com\/index.php\/wp-json\/wp\/v2\/types\/dm-podcast"}],"wp:attachment":[{"href":"https:\/\/serbenidorm.daliisolutions.com\/index.php\/wp-json\/wp\/v2\/media?parent=4749"}],"wp:term":[{"taxonomy":"dm-programa","embeddable":true,"href":"https:\/\/serbenidorm.daliisolutions.com\/index.php\/wp-json\/wp\/v2\/dm-programa?post=4749"}],"curies":[{"name":"wp","href":"https:\/\/api.w.org\/{rel}","templated":true}]}}

Yolanda Beltrán (presidenta de la asociación vecinal de El Perellonet) demanda más información sobre el proyecto de Plan de Reforma Interior
