{"id":4752,"date":"2024-05-05T12:51:39","date_gmt":"2024-05-05T10:51:39","guid":{"rendered":"https:\/\/serbenidorm.daliisolutions.com\/index.php\/dm-podcast\/joan-enric-ubeda-director-de-comunicacion-de-la-universitat-de-valencia-aclara-que-la-universidad-no-tiene-intencion-de-recurrir-a-las-fuerzas-y-cuerpos-de-seguridad-del-estado\/"},"modified":"2024-05-05T12:51:39","modified_gmt":"2024-05-05T10:51:39","slug":"joan-enric-ubeda-director-de-comunicacion-de-la-universitat-de-valencia-aclara-que-la-universidad-no-tiene-intencion-de-recurrir-a-las-fuerzas-y-cuerpos-de-seguridad-del-estado","status":"publish","type":"dm-podcast","link":"https:\/\/serbenidorm.daliisolutions.com\/index.php\/dm-podcast\/joan-enric-ubeda-director-de-comunicacion-de-la-universitat-de-valencia-aclara-que-la-universidad-no-tiene-intencion-de-recurrir-a-las-fuerzas-y-cuerpos-de-seguridad-del-estado\/","title":{"rendered":"Joan Enric Ubeda (director de Comunicaci\u00f3n de la Universitat de Val\u00e8ncia) aclara que la universidad no tiene intenci\u00f3n de recurrir a las fuerzas y cuerpos de seguridad del Estado"},"featured_media":0,"template":"","meta":{"_acf_changed":false},"dm-programa":[7],"class_list":["post-4752","dm-podcast","type-dm-podcast","status-publish","hentry","dm-programa-podcast-radio-valencia-hora-14-comunitat-valenciana-2298"],"acf":{"url":"https:\/\/sdmedia.playser.cadenaser.com\/playser\/multimedia\/20245\/5\/1714887840256_1714887861_audio_128.mp3"},"_links":{"self":[{"href":"https:\/\/serbenidorm.daliisolutions.com\/index.php\/wp-json\/wp\/v2\/dm-podcast\/4752","targetHints":{"allow":["GET"]}}],"collection":[{"href":"https:\/\/serbenidorm.daliisolutions.com\/index.php\/wp-json\/wp\/v2\/dm-podcast"}],"about":[{"href":"https:\/\/serbenidorm.daliisolutions.com\/index.php\/wp-json\/wp\/v2\/types\/dm-podcast"}],"wp:attachment":[{"href":"https:\/\/serbenidorm.daliisolutions.com\/index.php\/wp-json\/wp\/v2\/media?parent=4752"}],"wp:term":[{"taxonomy":"dm-programa","embeddable":true,"href":"https:\/\/serbenidorm.daliisolutions.com\/index.php\/wp-json\/wp\/v2\/dm-programa?post=4752"}],"curies":[{"name":"wp","href":"https:\/\/api.w.org\/{rel}","templated":true}]}}

Joan Enric Ubeda (director de Comunicación de la Universitat de València) aclara que la universidad no tiene intención de recurrir a las fuerzas y cuerpos de seguridad del Estado
