{"id":4754,"date":"2024-05-05T14:09:49","date_gmt":"2024-05-05T12:09:49","guid":{"rendered":"https:\/\/serbenidorm.daliisolutions.com\/index.php\/dm-podcast\/higinio-marin-rector-de-la-universidad-ceu-cardenal-herrera-la-transicion-fue-posible-porque-se-remo-a-favor-desde-lo-politico-lo-mediatico-o-la-iglesia\/"},"modified":"2024-05-05T14:09:49","modified_gmt":"2024-05-05T12:09:49","slug":"higinio-marin-rector-de-la-universidad-ceu-cardenal-herrera-la-transicion-fue-posible-porque-se-remo-a-favor-desde-lo-politico-lo-mediatico-o-la-iglesia","status":"publish","type":"dm-podcast","link":"https:\/\/serbenidorm.daliisolutions.com\/index.php\/dm-podcast\/higinio-marin-rector-de-la-universidad-ceu-cardenal-herrera-la-transicion-fue-posible-porque-se-remo-a-favor-desde-lo-politico-lo-mediatico-o-la-iglesia\/","title":{"rendered":"Higinio Mar\u00edn (rector de la Universidad CEU Cardenal Herrera): \u00abLa Transici\u00f3n fue posible porque se rem\u00f3 a favor desde lo pol\u00edtico, lo medi\u00e1tico o la Iglesia\u00bb"},"featured_media":0,"template":"","meta":{"_acf_changed":false},"dm-programa":[7],"class_list":["post-4754","dm-podcast","type-dm-podcast","status-publish","hentry","dm-programa-podcast-radio-valencia-hora-14-comunitat-valenciana-2298"],"acf":{"url":"https:\/\/sdmedia.playser.cadenaser.com\/playser\/multimedia\/20245\/5\/1714891179517_1714891179_audio_128.mp3"},"_links":{"self":[{"href":"https:\/\/serbenidorm.daliisolutions.com\/index.php\/wp-json\/wp\/v2\/dm-podcast\/4754","targetHints":{"allow":["GET"]}}],"collection":[{"href":"https:\/\/serbenidorm.daliisolutions.com\/index.php\/wp-json\/wp\/v2\/dm-podcast"}],"about":[{"href":"https:\/\/serbenidorm.daliisolutions.com\/index.php\/wp-json\/wp\/v2\/types\/dm-podcast"}],"wp:attachment":[{"href":"https:\/\/serbenidorm.daliisolutions.com\/index.php\/wp-json\/wp\/v2\/media?parent=4754"}],"wp:term":[{"taxonomy":"dm-programa","embeddable":true,"href":"https:\/\/serbenidorm.daliisolutions.com\/index.php\/wp-json\/wp\/v2\/dm-programa?post=4754"}],"curies":[{"name":"wp","href":"https:\/\/api.w.org\/{rel}","templated":true}]}}

Higinio Marín (rector de la Universidad CEU Cardenal Herrera): «La Transición fue posible porque se remó a favor desde lo político, lo mediático o la Iglesia»
