{"id":4762,"date":"2024-05-05T16:32:42","date_gmt":"2024-05-05T14:32:42","guid":{"rendered":"https:\/\/serbenidorm.daliisolutions.com\/index.php\/dm-podcast\/julio-molto-presidente-de-la-asociacion-vecinal-de-nazaret-asegura-que-es-el-enesimo-vertido-contaminante-en-el-viejo-cauce\/"},"modified":"2024-05-05T16:32:42","modified_gmt":"2024-05-05T14:32:42","slug":"julio-molto-presidente-de-la-asociacion-vecinal-de-nazaret-asegura-que-es-el-enesimo-vertido-contaminante-en-el-viejo-cauce","status":"publish","type":"dm-podcast","link":"https:\/\/serbenidorm.daliisolutions.com\/index.php\/dm-podcast\/julio-molto-presidente-de-la-asociacion-vecinal-de-nazaret-asegura-que-es-el-enesimo-vertido-contaminante-en-el-viejo-cauce\/","title":{"rendered":"Julio Molt\u00f3 (presidente de la asociaci\u00f3n vecinal de Nazaret) asegura que es el en\u00e9simo vertido contaminante en el viejo cauce"},"featured_media":0,"template":"","meta":{"_acf_changed":false},"dm-programa":[7],"class_list":["post-4762","dm-podcast","type-dm-podcast","status-publish","hentry","dm-programa-podcast-radio-valencia-hora-14-comunitat-valenciana-2298"],"acf":{"url":"https:\/\/sdmedia.playser.cadenaser.com\/playser\/multimedia\/20245\/5\/1714908232545_1714908233_audio_128.mp3"},"_links":{"self":[{"href":"https:\/\/serbenidorm.daliisolutions.com\/index.php\/wp-json\/wp\/v2\/dm-podcast\/4762","targetHints":{"allow":["GET"]}}],"collection":[{"href":"https:\/\/serbenidorm.daliisolutions.com\/index.php\/wp-json\/wp\/v2\/dm-podcast"}],"about":[{"href":"https:\/\/serbenidorm.daliisolutions.com\/index.php\/wp-json\/wp\/v2\/types\/dm-podcast"}],"wp:attachment":[{"href":"https:\/\/serbenidorm.daliisolutions.com\/index.php\/wp-json\/wp\/v2\/media?parent=4762"}],"wp:term":[{"taxonomy":"dm-programa","embeddable":true,"href":"https:\/\/serbenidorm.daliisolutions.com\/index.php\/wp-json\/wp\/v2\/dm-programa?post=4762"}],"curies":[{"name":"wp","href":"https:\/\/api.w.org\/{rel}","templated":true}]}}

Julio Moltó (presidente de la asociación vecinal de Nazaret) asegura que es el enésimo vertido contaminante en el viejo cauce
