{"id":478,"date":"2023-12-10T07:22:26","date_gmt":"2023-12-10T06:22:26","guid":{"rendered":"https:\/\/serbenidorm.daliisolutions.com\/index.php\/dm-podcast\/carlos-gonzalez-trivino-valencia-silicon-cluster-explica-que-la-parte-mas-critica-de-un-gran-sector-de-desarrollo-tecnologico-se-basa-en-microchips\/"},"modified":"2023-12-10T07:22:26","modified_gmt":"2023-12-10T06:22:26","slug":"carlos-gonzalez-trivino-valencia-silicon-cluster-explica-que-la-parte-mas-critica-de-un-gran-sector-de-desarrollo-tecnologico-se-basa-en-microchips","status":"publish","type":"dm-podcast","link":"https:\/\/serbenidorm.daliisolutions.com\/index.php\/dm-podcast\/carlos-gonzalez-trivino-valencia-silicon-cluster-explica-que-la-parte-mas-critica-de-un-gran-sector-de-desarrollo-tecnologico-se-basa-en-microchips\/","title":{"rendered":"Carlos Gonz\u00e1lez Trivi\u00f1o (Valencia Silicon Cluster) explica que la parte m\u00e1s cr\u00edtica de un gran sector de desarrollo tecnol\u00f3gico se basa en microchips"},"featured_media":0,"template":"","meta":{"_acf_changed":false},"dm-programa":[7],"class_list":["post-478","dm-podcast","type-dm-podcast","status-publish","hentry","dm-programa-podcast-radio-valencia-hora-14-comunitat-valenciana-2298"],"acf":{"url":"https:\/\/sdmedia.playser.cadenaser.com\/playser\/multimedia\/202312\/9\/1702120045273_1702120097_audio_128.mp3"},"_links":{"self":[{"href":"https:\/\/serbenidorm.daliisolutions.com\/index.php\/wp-json\/wp\/v2\/dm-podcast\/478","targetHints":{"allow":["GET"]}}],"collection":[{"href":"https:\/\/serbenidorm.daliisolutions.com\/index.php\/wp-json\/wp\/v2\/dm-podcast"}],"about":[{"href":"https:\/\/serbenidorm.daliisolutions.com\/index.php\/wp-json\/wp\/v2\/types\/dm-podcast"}],"wp:attachment":[{"href":"https:\/\/serbenidorm.daliisolutions.com\/index.php\/wp-json\/wp\/v2\/media?parent=478"}],"wp:term":[{"taxonomy":"dm-programa","embeddable":true,"href":"https:\/\/serbenidorm.daliisolutions.com\/index.php\/wp-json\/wp\/v2\/dm-programa?post=478"}],"curies":[{"name":"wp","href":"https:\/\/api.w.org\/{rel}","templated":true}]}}

Carlos González Triviño (Valencia Silicon Cluster) explica que la parte más crítica de un gran sector de desarrollo tecnológico se basa en microchips
