{"id":4801,"date":"2024-05-06T20:59:38","date_gmt":"2024-05-06T18:59:38","guid":{"rendered":"https:\/\/serbenidorm.daliisolutions.com\/index.php\/dm-podcast\/maria-jose-catala-anuncia-la-apertura-de-una-investigacion-sobre-los-vertidos-que-provocaron-mortandad-de-peces-en-natzaret\/"},"modified":"2024-05-06T20:59:38","modified_gmt":"2024-05-06T18:59:38","slug":"maria-jose-catala-anuncia-la-apertura-de-una-investigacion-sobre-los-vertidos-que-provocaron-mortandad-de-peces-en-natzaret","status":"publish","type":"dm-podcast","link":"https:\/\/serbenidorm.daliisolutions.com\/index.php\/dm-podcast\/maria-jose-catala-anuncia-la-apertura-de-una-investigacion-sobre-los-vertidos-que-provocaron-mortandad-de-peces-en-natzaret\/","title":{"rendered":"Mar\u00eda Jos\u00e9 Catal\u00e1 anuncia la apertura de una investigaci\u00f3n sobre los vertidos que provocaron mortandad de peces en Natzaret"},"featured_media":0,"template":"","meta":{"_acf_changed":false},"dm-programa":[7],"class_list":["post-4801","dm-podcast","type-dm-podcast","status-publish","hentry","dm-programa-podcast-radio-valencia-hora-14-comunitat-valenciana-2298"],"acf":{"url":"https:\/\/sdmedia.playser.cadenaser.com\/playser\/multimedia\/20245\/6\/1715001517764_1715001534_audio_128.mp3"},"_links":{"self":[{"href":"https:\/\/serbenidorm.daliisolutions.com\/index.php\/wp-json\/wp\/v2\/dm-podcast\/4801","targetHints":{"allow":["GET"]}}],"collection":[{"href":"https:\/\/serbenidorm.daliisolutions.com\/index.php\/wp-json\/wp\/v2\/dm-podcast"}],"about":[{"href":"https:\/\/serbenidorm.daliisolutions.com\/index.php\/wp-json\/wp\/v2\/types\/dm-podcast"}],"wp:attachment":[{"href":"https:\/\/serbenidorm.daliisolutions.com\/index.php\/wp-json\/wp\/v2\/media?parent=4801"}],"wp:term":[{"taxonomy":"dm-programa","embeddable":true,"href":"https:\/\/serbenidorm.daliisolutions.com\/index.php\/wp-json\/wp\/v2\/dm-programa?post=4801"}],"curies":[{"name":"wp","href":"https:\/\/api.w.org\/{rel}","templated":true}]}}

María José Catalá anuncia la apertura de una investigación sobre los vertidos que provocaron mortandad de peces en Natzaret
