{"id":4803,"date":"2024-05-06T20:59:38","date_gmt":"2024-05-06T18:59:38","guid":{"rendered":"https:\/\/serbenidorm.daliisolutions.com\/index.php\/dm-podcast\/jose-maria-aznar-asegura-que-pedro-sanchez-quiere-hacer-la-contratransicion\/"},"modified":"2024-05-06T20:59:38","modified_gmt":"2024-05-06T18:59:38","slug":"jose-maria-aznar-asegura-que-pedro-sanchez-quiere-hacer-la-contratransicion","status":"publish","type":"dm-podcast","link":"https:\/\/serbenidorm.daliisolutions.com\/index.php\/dm-podcast\/jose-maria-aznar-asegura-que-pedro-sanchez-quiere-hacer-la-contratransicion\/","title":{"rendered":"Jos\u00e9 Mar\u00eda Aznar asegura que Pedro S\u00e1nchez quiere hacer \u00abla contratransici\u00f3n\u00bb"},"featured_media":0,"template":"","meta":{"_acf_changed":false},"dm-programa":[7],"class_list":["post-4803","dm-podcast","type-dm-podcast","status-publish","hentry","dm-programa-podcast-radio-valencia-hora-14-comunitat-valenciana-2298"],"acf":{"url":"https:\/\/sdmedia.playser.cadenaser.com\/playser\/multimedia\/20245\/6\/1715014656519_1715014693_audio_128.mp3"},"_links":{"self":[{"href":"https:\/\/serbenidorm.daliisolutions.com\/index.php\/wp-json\/wp\/v2\/dm-podcast\/4803","targetHints":{"allow":["GET"]}}],"collection":[{"href":"https:\/\/serbenidorm.daliisolutions.com\/index.php\/wp-json\/wp\/v2\/dm-podcast"}],"about":[{"href":"https:\/\/serbenidorm.daliisolutions.com\/index.php\/wp-json\/wp\/v2\/types\/dm-podcast"}],"wp:attachment":[{"href":"https:\/\/serbenidorm.daliisolutions.com\/index.php\/wp-json\/wp\/v2\/media?parent=4803"}],"wp:term":[{"taxonomy":"dm-programa","embeddable":true,"href":"https:\/\/serbenidorm.daliisolutions.com\/index.php\/wp-json\/wp\/v2\/dm-programa?post=4803"}],"curies":[{"name":"wp","href":"https:\/\/api.w.org\/{rel}","templated":true}]}}

José María Aznar asegura que Pedro Sánchez quiere hacer «la contratransición»
