{"id":4829,"date":"2024-05-07T14:35:23","date_gmt":"2024-05-07T12:35:23","guid":{"rendered":"https:\/\/serbenidorm.daliisolutions.com\/index.php\/dm-podcast\/en-educando-en-inclusion-hablamos-de-la-escolarizacion-de-los-alumnos-de-infantil-de-2-anos\/"},"modified":"2024-05-07T14:35:23","modified_gmt":"2024-05-07T12:35:23","slug":"en-educando-en-inclusion-hablamos-de-la-escolarizacion-de-los-alumnos-de-infantil-de-2-anos","status":"publish","type":"dm-podcast","link":"https:\/\/serbenidorm.daliisolutions.com\/index.php\/dm-podcast\/en-educando-en-inclusion-hablamos-de-la-escolarizacion-de-los-alumnos-de-infantil-de-2-anos\/","title":{"rendered":"En Educando en Inclusi\u00f3n hablamos de la escolarizaci\u00f3n de los alumnos de Infantil de 2 a\u00f1os"},"featured_media":0,"template":"","meta":{"_acf_changed":false},"dm-programa":[2],"class_list":["post-4829","dm-podcast","type-dm-podcast","status-publish","hentry","dm-programa-podcast-radio-benidorm-3154"],"acf":{"url":"https:\/\/sdmedia.playser.cadenaser.com\/playser\/multimedia\/20245\/7\/1715080802877_1715081037_audio_128.mp3"},"_links":{"self":[{"href":"https:\/\/serbenidorm.daliisolutions.com\/index.php\/wp-json\/wp\/v2\/dm-podcast\/4829","targetHints":{"allow":["GET"]}}],"collection":[{"href":"https:\/\/serbenidorm.daliisolutions.com\/index.php\/wp-json\/wp\/v2\/dm-podcast"}],"about":[{"href":"https:\/\/serbenidorm.daliisolutions.com\/index.php\/wp-json\/wp\/v2\/types\/dm-podcast"}],"wp:attachment":[{"href":"https:\/\/serbenidorm.daliisolutions.com\/index.php\/wp-json\/wp\/v2\/media?parent=4829"}],"wp:term":[{"taxonomy":"dm-programa","embeddable":true,"href":"https:\/\/serbenidorm.daliisolutions.com\/index.php\/wp-json\/wp\/v2\/dm-programa?post=4829"}],"curies":[{"name":"wp","href":"https:\/\/api.w.org\/{rel}","templated":true}]}}

En Educando en Inclusión hablamos de la escolarización de los alumnos de Infantil de 2 años
