{"id":4835,"date":"2024-05-07T17:31:45","date_gmt":"2024-05-07T15:31:45","guid":{"rendered":"https:\/\/serbenidorm.daliisolutions.com\/index.php\/dm-podcast\/jose-munoz-critica-la-aceptacion-de-la-fundacion-para-la-defensa-de-los-hombres-maltratados\/"},"modified":"2024-05-07T17:31:45","modified_gmt":"2024-05-07T15:31:45","slug":"jose-munoz-critica-la-aceptacion-de-la-fundacion-para-la-defensa-de-los-hombres-maltratados","status":"publish","type":"dm-podcast","link":"https:\/\/serbenidorm.daliisolutions.com\/index.php\/dm-podcast\/jose-munoz-critica-la-aceptacion-de-la-fundacion-para-la-defensa-de-los-hombres-maltratados\/","title":{"rendered":"Jos\u00e9 Mu\u00f1oz critica la aceptaci\u00f3n de la Fundacion para la defensa de los Hombres maltratados"},"featured_media":0,"template":"","meta":{"_acf_changed":false},"dm-programa":[7],"class_list":["post-4835","dm-podcast","type-dm-podcast","status-publish","hentry","dm-programa-podcast-radio-valencia-hora-14-comunitat-valenciana-2298"],"acf":{"url":"https:\/\/sdmedia.playser.cadenaser.com\/playser\/multimedia\/20245\/7\/1715088054828_1715088097_audio_128.mp3"},"_links":{"self":[{"href":"https:\/\/serbenidorm.daliisolutions.com\/index.php\/wp-json\/wp\/v2\/dm-podcast\/4835","targetHints":{"allow":["GET"]}}],"collection":[{"href":"https:\/\/serbenidorm.daliisolutions.com\/index.php\/wp-json\/wp\/v2\/dm-podcast"}],"about":[{"href":"https:\/\/serbenidorm.daliisolutions.com\/index.php\/wp-json\/wp\/v2\/types\/dm-podcast"}],"wp:attachment":[{"href":"https:\/\/serbenidorm.daliisolutions.com\/index.php\/wp-json\/wp\/v2\/media?parent=4835"}],"wp:term":[{"taxonomy":"dm-programa","embeddable":true,"href":"https:\/\/serbenidorm.daliisolutions.com\/index.php\/wp-json\/wp\/v2\/dm-programa?post=4835"}],"curies":[{"name":"wp","href":"https:\/\/api.w.org\/{rel}","templated":true}]}}

José Muñoz critica la aceptación de la Fundacion para la defensa de los Hombres maltratados
