{"id":4867,"date":"2024-05-08T19:19:05","date_gmt":"2024-05-08T17:19:05","guid":{"rendered":"https:\/\/serbenidorm.daliisolutions.com\/index.php\/dm-podcast\/angel-torres-ministro-de-memoria-democratica-sobre-las-declaraciones-de-feijoo-de-inmigracion-ilegal-no-se-si-es-desespero-electoral-o-sumision-a-vox\/"},"modified":"2024-05-08T19:19:05","modified_gmt":"2024-05-08T17:19:05","slug":"angel-torres-ministro-de-memoria-democratica-sobre-las-declaraciones-de-feijoo-de-inmigracion-ilegal-no-se-si-es-desespero-electoral-o-sumision-a-vox","status":"publish","type":"dm-podcast","link":"https:\/\/serbenidorm.daliisolutions.com\/index.php\/dm-podcast\/angel-torres-ministro-de-memoria-democratica-sobre-las-declaraciones-de-feijoo-de-inmigracion-ilegal-no-se-si-es-desespero-electoral-o-sumision-a-vox\/","title":{"rendered":"\u00c1ngel Torres, ministro de Memoria Democr\u00e1tica, sobre las declaraciones de Feij\u00f3o de inmigraci\u00f3n ilegal: \u00abNo s\u00e9 si es desespero electoral o sumisi\u00f3n a Vox\u00bb"},"featured_media":0,"template":"","meta":{"_acf_changed":false},"dm-programa":[7],"class_list":["post-4867","dm-podcast","type-dm-podcast","status-publish","hentry","dm-programa-podcast-radio-valencia-hora-14-comunitat-valenciana-2298"],"acf":{"url":"https:\/\/sdmedia.playser.cadenaser.com\/playser\/multimedia\/20245\/8\/1715179129709_1715179178_audio_128.mp3"},"_links":{"self":[{"href":"https:\/\/serbenidorm.daliisolutions.com\/index.php\/wp-json\/wp\/v2\/dm-podcast\/4867","targetHints":{"allow":["GET"]}}],"collection":[{"href":"https:\/\/serbenidorm.daliisolutions.com\/index.php\/wp-json\/wp\/v2\/dm-podcast"}],"about":[{"href":"https:\/\/serbenidorm.daliisolutions.com\/index.php\/wp-json\/wp\/v2\/types\/dm-podcast"}],"wp:attachment":[{"href":"https:\/\/serbenidorm.daliisolutions.com\/index.php\/wp-json\/wp\/v2\/media?parent=4867"}],"wp:term":[{"taxonomy":"dm-programa","embeddable":true,"href":"https:\/\/serbenidorm.daliisolutions.com\/index.php\/wp-json\/wp\/v2\/dm-programa?post=4867"}],"curies":[{"name":"wp","href":"https:\/\/api.w.org\/{rel}","templated":true}]}}

Ángel Torres, ministro de Memoria Democrática, sobre las declaraciones de Feijóo de inmigración ilegal: «No sé si es desespero electoral o sumisión a Vox»
