{"id":4907,"date":"2024-05-09T14:47:38","date_gmt":"2024-05-09T12:47:38","guid":{"rendered":"https:\/\/serbenidorm.daliisolutions.com\/index.php\/dm-podcast\/josep-vicent-boira-da-la-relacion-de-obras-del-corredor-mediterraneo-ue-estan-en-marcha\/"},"modified":"2024-05-09T14:47:38","modified_gmt":"2024-05-09T12:47:38","slug":"josep-vicent-boira-da-la-relacion-de-obras-del-corredor-mediterraneo-ue-estan-en-marcha","status":"publish","type":"dm-podcast","link":"https:\/\/serbenidorm.daliisolutions.com\/index.php\/dm-podcast\/josep-vicent-boira-da-la-relacion-de-obras-del-corredor-mediterraneo-ue-estan-en-marcha\/","title":{"rendered":"Josep Vicent Boira da la relaci\u00f3n de obras del Corredor Mediterr\u00e1neo ue est\u00e1n en marcha"},"featured_media":0,"template":"","meta":{"_acf_changed":false},"dm-programa":[7],"class_list":["post-4907","dm-podcast","type-dm-podcast","status-publish","hentry","dm-programa-podcast-radio-valencia-hora-14-comunitat-valenciana-2298"],"acf":{"url":"https:\/\/sdmedia.playser.cadenaser.com\/playser\/multimedia\/20245\/9\/1715251532211_1715251605_audio_128.mp3"},"_links":{"self":[{"href":"https:\/\/serbenidorm.daliisolutions.com\/index.php\/wp-json\/wp\/v2\/dm-podcast\/4907","targetHints":{"allow":["GET"]}}],"collection":[{"href":"https:\/\/serbenidorm.daliisolutions.com\/index.php\/wp-json\/wp\/v2\/dm-podcast"}],"about":[{"href":"https:\/\/serbenidorm.daliisolutions.com\/index.php\/wp-json\/wp\/v2\/types\/dm-podcast"}],"wp:attachment":[{"href":"https:\/\/serbenidorm.daliisolutions.com\/index.php\/wp-json\/wp\/v2\/media?parent=4907"}],"wp:term":[{"taxonomy":"dm-programa","embeddable":true,"href":"https:\/\/serbenidorm.daliisolutions.com\/index.php\/wp-json\/wp\/v2\/dm-programa?post=4907"}],"curies":[{"name":"wp","href":"https:\/\/api.w.org\/{rel}","templated":true}]}}

Josep Vicent Boira da la relación de obras del Corredor Mediterráneo ue están en marcha
