{"id":4909,"date":"2024-05-09T14:47:38","date_gmt":"2024-05-09T12:47:38","guid":{"rendered":"https:\/\/serbenidorm.daliisolutions.com\/index.php\/dm-podcast\/maria-jose-catala-rietera-su-peticion-al-gobierno-para-que-pague-parte-del-soterramiento-de-las-vias-en-serreria\/"},"modified":"2024-05-09T14:47:38","modified_gmt":"2024-05-09T12:47:38","slug":"maria-jose-catala-rietera-su-peticion-al-gobierno-para-que-pague-parte-del-soterramiento-de-las-vias-en-serreria","status":"publish","type":"dm-podcast","link":"https:\/\/serbenidorm.daliisolutions.com\/index.php\/dm-podcast\/maria-jose-catala-rietera-su-peticion-al-gobierno-para-que-pague-parte-del-soterramiento-de-las-vias-en-serreria\/","title":{"rendered":"Mar\u00eda Jos\u00e9 Catal\u00e1 rietera su petici\u00f3n al Gobierno para que pague parte del soterramiento de las v\u00edas en Serrer\u00eda"},"featured_media":0,"template":"","meta":{"_acf_changed":false},"dm-programa":[7],"class_list":["post-4909","dm-podcast","type-dm-podcast","status-publish","hentry","dm-programa-podcast-radio-valencia-hora-14-comunitat-valenciana-2298"],"acf":{"url":"https:\/\/sdmedia.playser.cadenaser.com\/playser\/multimedia\/20245\/9\/1715251782546_1715251819_audio_128.mp3"},"_links":{"self":[{"href":"https:\/\/serbenidorm.daliisolutions.com\/index.php\/wp-json\/wp\/v2\/dm-podcast\/4909","targetHints":{"allow":["GET"]}}],"collection":[{"href":"https:\/\/serbenidorm.daliisolutions.com\/index.php\/wp-json\/wp\/v2\/dm-podcast"}],"about":[{"href":"https:\/\/serbenidorm.daliisolutions.com\/index.php\/wp-json\/wp\/v2\/types\/dm-podcast"}],"wp:attachment":[{"href":"https:\/\/serbenidorm.daliisolutions.com\/index.php\/wp-json\/wp\/v2\/media?parent=4909"}],"wp:term":[{"taxonomy":"dm-programa","embeddable":true,"href":"https:\/\/serbenidorm.daliisolutions.com\/index.php\/wp-json\/wp\/v2\/dm-programa?post=4909"}],"curies":[{"name":"wp","href":"https:\/\/api.w.org\/{rel}","templated":true}]}}

María José Catalá rietera su petición al Gobierno para que pague parte del soterramiento de las vías en Serrería
