{"id":4911,"date":"2024-05-09T14:47:38","date_gmt":"2024-05-09T12:47:38","guid":{"rendered":"https:\/\/serbenidorm.daliisolutions.com\/index.php\/dm-podcast\/marta-parada-es-la-cunada-de-adrian-que-esta-ingresado-en-cancun\/"},"modified":"2024-05-09T14:47:38","modified_gmt":"2024-05-09T12:47:38","slug":"marta-parada-es-la-cunada-de-adrian-que-esta-ingresado-en-cancun","status":"publish","type":"dm-podcast","link":"https:\/\/serbenidorm.daliisolutions.com\/index.php\/dm-podcast\/marta-parada-es-la-cunada-de-adrian-que-esta-ingresado-en-cancun\/","title":{"rendered":"Marta Parada es la cu\u00f1ada de Adri\u00e1n, que est\u00e1 ingresado en Canc\u00fan"},"featured_media":0,"template":"","meta":{"_acf_changed":false},"dm-programa":[7],"class_list":["post-4911","dm-podcast","type-dm-podcast","status-publish","hentry","dm-programa-podcast-radio-valencia-hora-14-comunitat-valenciana-2298"],"acf":{"url":"https:\/\/sdmedia.playser.cadenaser.com\/playser\/multimedia\/20245\/9\/1715253205762_1715253219_audio_128.mp3"},"_links":{"self":[{"href":"https:\/\/serbenidorm.daliisolutions.com\/index.php\/wp-json\/wp\/v2\/dm-podcast\/4911","targetHints":{"allow":["GET"]}}],"collection":[{"href":"https:\/\/serbenidorm.daliisolutions.com\/index.php\/wp-json\/wp\/v2\/dm-podcast"}],"about":[{"href":"https:\/\/serbenidorm.daliisolutions.com\/index.php\/wp-json\/wp\/v2\/types\/dm-podcast"}],"wp:attachment":[{"href":"https:\/\/serbenidorm.daliisolutions.com\/index.php\/wp-json\/wp\/v2\/media?parent=4911"}],"wp:term":[{"taxonomy":"dm-programa","embeddable":true,"href":"https:\/\/serbenidorm.daliisolutions.com\/index.php\/wp-json\/wp\/v2\/dm-programa?post=4911"}],"curies":[{"name":"wp","href":"https:\/\/api.w.org\/{rel}","templated":true}]}}

Marta Parada es la cuñada de Adrián, que está ingresado en Cancún
