{"id":4921,"date":"2024-05-09T18:22:40","date_gmt":"2024-05-09T16:22:40","guid":{"rendered":"https:\/\/serbenidorm.daliisolutions.com\/index.php\/dm-podcast\/elisa-nunez-la-generalitat-dara-una-mencion-honorifica-para-defender-la-tauromaquia-de-los-ataques\/"},"modified":"2024-05-09T18:22:40","modified_gmt":"2024-05-09T16:22:40","slug":"elisa-nunez-la-generalitat-dara-una-mencion-honorifica-para-defender-la-tauromaquia-de-los-ataques","status":"publish","type":"dm-podcast","link":"https:\/\/serbenidorm.daliisolutions.com\/index.php\/dm-podcast\/elisa-nunez-la-generalitat-dara-una-mencion-honorifica-para-defender-la-tauromaquia-de-los-ataques\/","title":{"rendered":"Elisa N\u00fa\u00f1ez: La Generalitat dar\u00e1 una Menci\u00f3n honor\u00edfica para defender la Tauromaquia de los \u00abataques\u00bb"},"featured_media":0,"template":"","meta":{"_acf_changed":false},"dm-programa":[7],"class_list":["post-4921","dm-podcast","type-dm-podcast","status-publish","hentry","dm-programa-podcast-radio-valencia-hora-14-comunitat-valenciana-2298"],"acf":{"url":"https:\/\/sdmedia.playser.cadenaser.com\/playser\/multimedia\/20245\/9\/1715263999197_1715264010_audio_128.mp3"},"_links":{"self":[{"href":"https:\/\/serbenidorm.daliisolutions.com\/index.php\/wp-json\/wp\/v2\/dm-podcast\/4921","targetHints":{"allow":["GET"]}}],"collection":[{"href":"https:\/\/serbenidorm.daliisolutions.com\/index.php\/wp-json\/wp\/v2\/dm-podcast"}],"about":[{"href":"https:\/\/serbenidorm.daliisolutions.com\/index.php\/wp-json\/wp\/v2\/types\/dm-podcast"}],"wp:attachment":[{"href":"https:\/\/serbenidorm.daliisolutions.com\/index.php\/wp-json\/wp\/v2\/media?parent=4921"}],"wp:term":[{"taxonomy":"dm-programa","embeddable":true,"href":"https:\/\/serbenidorm.daliisolutions.com\/index.php\/wp-json\/wp\/v2\/dm-programa?post=4921"}],"curies":[{"name":"wp","href":"https:\/\/api.w.org\/{rel}","templated":true}]}}

Elisa Núñez: La Generalitat dará una Mención honorífica para defender la Tauromaquia de los «ataques»
