{"id":500,"date":"2023-12-11T11:52:01","date_gmt":"2023-12-11T10:52:01","guid":{"rendered":"https:\/\/serbenidorm.daliisolutions.com\/index.php\/dm-podcast\/natalia-ruiz-aecc-valencia-recuerda-que-un-30-de-canceres-estan-causados-por-el-tabaquismo\/"},"modified":"2023-12-11T11:52:01","modified_gmt":"2023-12-11T10:52:01","slug":"natalia-ruiz-aecc-valencia-recuerda-que-un-30-de-canceres-estan-causados-por-el-tabaquismo","status":"publish","type":"dm-podcast","link":"https:\/\/serbenidorm.daliisolutions.com\/index.php\/dm-podcast\/natalia-ruiz-aecc-valencia-recuerda-que-un-30-de-canceres-estan-causados-por-el-tabaquismo\/","title":{"rendered":"Natalia Ruiz (AECC Val\u00e8ncia) recuerda que un 30% de c\u00e1nceres est\u00e1n causados por el tabaquismo"},"featured_media":0,"template":"","meta":{"_acf_changed":false},"dm-programa":[7],"class_list":["post-500","dm-podcast","type-dm-podcast","status-publish","hentry","dm-programa-podcast-radio-valencia-hora-14-comunitat-valenciana-2298"],"acf":{"url":"https:\/\/sdmedia.playser.cadenaser.com\/playser\/multimedia\/202312\/10\/1702213096208_1702213090_audio_128.mp3"},"_links":{"self":[{"href":"https:\/\/serbenidorm.daliisolutions.com\/index.php\/wp-json\/wp\/v2\/dm-podcast\/500","targetHints":{"allow":["GET"]}}],"collection":[{"href":"https:\/\/serbenidorm.daliisolutions.com\/index.php\/wp-json\/wp\/v2\/dm-podcast"}],"about":[{"href":"https:\/\/serbenidorm.daliisolutions.com\/index.php\/wp-json\/wp\/v2\/types\/dm-podcast"}],"wp:attachment":[{"href":"https:\/\/serbenidorm.daliisolutions.com\/index.php\/wp-json\/wp\/v2\/media?parent=500"}],"wp:term":[{"taxonomy":"dm-programa","embeddable":true,"href":"https:\/\/serbenidorm.daliisolutions.com\/index.php\/wp-json\/wp\/v2\/dm-programa?post=500"}],"curies":[{"name":"wp","href":"https:\/\/api.w.org\/{rel}","templated":true}]}}

Natalia Ruiz (AECC València) recuerda que un 30% de cánceres están causados por el tabaquismo
