{"id":513,"date":"2023-12-11T11:52:01","date_gmt":"2023-12-11T10:52:01","guid":{"rendered":"https:\/\/serbenidorm.daliisolutions.com\/index.php\/dm-podcast\/en-domingo-de-cine-de-a-vivir-cv-aurea-ortiz-repasa-algunas-peliculas-y-serires-dedicadas-a-comicos\/"},"modified":"2023-12-11T11:52:01","modified_gmt":"2023-12-11T10:52:01","slug":"en-domingo-de-cine-de-a-vivir-cv-aurea-ortiz-repasa-algunas-peliculas-y-serires-dedicadas-a-comicos","status":"publish","type":"dm-podcast","link":"https:\/\/serbenidorm.daliisolutions.com\/index.php\/dm-podcast\/en-domingo-de-cine-de-a-vivir-cv-aurea-ortiz-repasa-algunas-peliculas-y-serires-dedicadas-a-comicos\/","title":{"rendered":"En Domingo de Cine de A Vivir CV \u00c1urea Ortiz repasa algunas pel\u00edculas y serires dedicadas a c\u00f3micos"},"featured_media":0,"template":"","meta":{"_acf_changed":false},"dm-programa":[11],"class_list":["post-513","dm-podcast","type-dm-podcast","status-publish","hentry","dm-programa-podcast-radio-valencia-a-vivir-comunitat-valenciana-2295"],"acf":{"url":"https:\/\/sdmedia.playser.cadenaser.com\/playser\/multimedia\/202312\/4\/1701700612395_1701700640_audio_128.mp3"},"_links":{"self":[{"href":"https:\/\/serbenidorm.daliisolutions.com\/index.php\/wp-json\/wp\/v2\/dm-podcast\/513","targetHints":{"allow":["GET"]}}],"collection":[{"href":"https:\/\/serbenidorm.daliisolutions.com\/index.php\/wp-json\/wp\/v2\/dm-podcast"}],"about":[{"href":"https:\/\/serbenidorm.daliisolutions.com\/index.php\/wp-json\/wp\/v2\/types\/dm-podcast"}],"wp:attachment":[{"href":"https:\/\/serbenidorm.daliisolutions.com\/index.php\/wp-json\/wp\/v2\/media?parent=513"}],"wp:term":[{"taxonomy":"dm-programa","embeddable":true,"href":"https:\/\/serbenidorm.daliisolutions.com\/index.php\/wp-json\/wp\/v2\/dm-programa?post=513"}],"curies":[{"name":"wp","href":"https:\/\/api.w.org\/{rel}","templated":true}]}}

En Domingo de Cine de A Vivir CV Áurea Ortiz repasa algunas películas y serires dedicadas a cómicos
