{"id":519,"date":"2023-12-11T14:55:01","date_gmt":"2023-12-11T13:55:01","guid":{"rendered":"https:\/\/serbenidorm.daliisolutions.com\/index.php\/dm-podcast\/los-apartamentos-turisticos-cerraran-el-ano-en-benidorm-y-la-comunitat-con-una-ocupacion-media-un-10-superior-al-ano-pasado\/"},"modified":"2023-12-11T14:55:01","modified_gmt":"2023-12-11T13:55:01","slug":"los-apartamentos-turisticos-cerraran-el-ano-en-benidorm-y-la-comunitat-con-una-ocupacion-media-un-10-superior-al-ano-pasado","status":"publish","type":"dm-podcast","link":"https:\/\/serbenidorm.daliisolutions.com\/index.php\/dm-podcast\/los-apartamentos-turisticos-cerraran-el-ano-en-benidorm-y-la-comunitat-con-una-ocupacion-media-un-10-superior-al-ano-pasado\/","title":{"rendered":"Los apartamentos tur\u00edsticos cerrar\u00e1n el a\u00f1o, en Benidorm y la Comunitat,  con una ocupaci\u00f3n media un 10% superior al a\u00f1o pasado"},"featured_media":0,"template":"","meta":{"_acf_changed":false},"dm-programa":[2],"class_list":["post-519","dm-podcast","type-dm-podcast","status-publish","hentry","dm-programa-podcast-radio-benidorm-3154"],"acf":{"url":"https:\/\/sdmedia.playser.cadenaser.com\/playser\/multimedia\/202312\/11\/1702300764422_1702300869_audio_128.mp3"},"_links":{"self":[{"href":"https:\/\/serbenidorm.daliisolutions.com\/index.php\/wp-json\/wp\/v2\/dm-podcast\/519","targetHints":{"allow":["GET"]}}],"collection":[{"href":"https:\/\/serbenidorm.daliisolutions.com\/index.php\/wp-json\/wp\/v2\/dm-podcast"}],"about":[{"href":"https:\/\/serbenidorm.daliisolutions.com\/index.php\/wp-json\/wp\/v2\/types\/dm-podcast"}],"wp:attachment":[{"href":"https:\/\/serbenidorm.daliisolutions.com\/index.php\/wp-json\/wp\/v2\/media?parent=519"}],"wp:term":[{"taxonomy":"dm-programa","embeddable":true,"href":"https:\/\/serbenidorm.daliisolutions.com\/index.php\/wp-json\/wp\/v2\/dm-programa?post=519"}],"curies":[{"name":"wp","href":"https:\/\/api.w.org\/{rel}","templated":true}]}}

Los apartamentos turísticos cerrarán el año, en Benidorm y la Comunitat,  con una ocupación media un 10% superior al año pasado
