{"id":520,"date":"2023-12-11T14:55:01","date_gmt":"2023-12-11T13:55:01","guid":{"rendered":"https:\/\/serbenidorm.daliisolutions.com\/index.php\/dm-podcast\/el-faro-de-alejandria-de-benidorm-organiza-una-charla-sobre-inteligencia-artificial-a-cargo-de-ruben-martinez\/"},"modified":"2023-12-11T14:55:01","modified_gmt":"2023-12-11T13:55:01","slug":"el-faro-de-alejandria-de-benidorm-organiza-una-charla-sobre-inteligencia-artificial-a-cargo-de-ruben-martinez","status":"publish","type":"dm-podcast","link":"https:\/\/serbenidorm.daliisolutions.com\/index.php\/dm-podcast\/el-faro-de-alejandria-de-benidorm-organiza-una-charla-sobre-inteligencia-artificial-a-cargo-de-ruben-martinez\/","title":{"rendered":"El Faro de Alejandr\u00eda de Benidorm organiza una charla sobre inteligencia artificial a cargo de Rub\u00e9n Mart\u00ednez"},"featured_media":0,"template":"","meta":{"_acf_changed":false},"dm-programa":[2],"class_list":["post-520","dm-podcast","type-dm-podcast","status-publish","hentry","dm-programa-podcast-radio-benidorm-3154"],"acf":{"url":"https:\/\/sdmedia.playser.cadenaser.com\/playser\/multimedia\/202312\/11\/1702300270994_1702300464_audio_128.mp3"},"_links":{"self":[{"href":"https:\/\/serbenidorm.daliisolutions.com\/index.php\/wp-json\/wp\/v2\/dm-podcast\/520","targetHints":{"allow":["GET"]}}],"collection":[{"href":"https:\/\/serbenidorm.daliisolutions.com\/index.php\/wp-json\/wp\/v2\/dm-podcast"}],"about":[{"href":"https:\/\/serbenidorm.daliisolutions.com\/index.php\/wp-json\/wp\/v2\/types\/dm-podcast"}],"wp:attachment":[{"href":"https:\/\/serbenidorm.daliisolutions.com\/index.php\/wp-json\/wp\/v2\/media?parent=520"}],"wp:term":[{"taxonomy":"dm-programa","embeddable":true,"href":"https:\/\/serbenidorm.daliisolutions.com\/index.php\/wp-json\/wp\/v2\/dm-programa?post=520"}],"curies":[{"name":"wp","href":"https:\/\/api.w.org\/{rel}","templated":true}]}}

El Faro de Alejandría de Benidorm organiza una charla sobre inteligencia artificial a cargo de Rubén Martínez
