{"id":5294,"date":"2024-05-21T14:29:15","date_gmt":"2024-05-21T12:29:15","guid":{"rendered":"https:\/\/serbenidorm.daliisolutions.com\/index.php\/dm-podcast\/la-experiencia-de-maria-eugenia-y-damian-miembros-de-alcoholicos-anonimos-en-la-marina-baixa\/"},"modified":"2024-05-21T14:29:15","modified_gmt":"2024-05-21T12:29:15","slug":"la-experiencia-de-maria-eugenia-y-damian-miembros-de-alcoholicos-anonimos-en-la-marina-baixa","status":"publish","type":"dm-podcast","link":"https:\/\/serbenidorm.daliisolutions.com\/index.php\/dm-podcast\/la-experiencia-de-maria-eugenia-y-damian-miembros-de-alcoholicos-anonimos-en-la-marina-baixa\/","title":{"rendered":"La experiencia de Mar\u00eda Eugenia y Dami\u00e1n, miembros de Alcoh\u00f3licos An\u00f3nimos en la Marina Baixa"},"featured_media":0,"template":"","meta":{"_acf_changed":false},"dm-programa":[2],"class_list":["post-5294","dm-podcast","type-dm-podcast","status-publish","hentry","dm-programa-podcast-radio-benidorm-3154"],"acf":{"url":"https:\/\/sdmedia.playser.cadenaser.com\/playser\/multimedia\/20245\/21\/1716283942469_1716283946_audio_128.mp3"},"_links":{"self":[{"href":"https:\/\/serbenidorm.daliisolutions.com\/index.php\/wp-json\/wp\/v2\/dm-podcast\/5294","targetHints":{"allow":["GET"]}}],"collection":[{"href":"https:\/\/serbenidorm.daliisolutions.com\/index.php\/wp-json\/wp\/v2\/dm-podcast"}],"about":[{"href":"https:\/\/serbenidorm.daliisolutions.com\/index.php\/wp-json\/wp\/v2\/types\/dm-podcast"}],"wp:attachment":[{"href":"https:\/\/serbenidorm.daliisolutions.com\/index.php\/wp-json\/wp\/v2\/media?parent=5294"}],"wp:term":[{"taxonomy":"dm-programa","embeddable":true,"href":"https:\/\/serbenidorm.daliisolutions.com\/index.php\/wp-json\/wp\/v2\/dm-programa?post=5294"}],"curies":[{"name":"wp","href":"https:\/\/api.w.org\/{rel}","templated":true}]}}

La experiencia de María Eugenia y Damián, miembros de Alcohólicos Anónimos en la Marina Baixa
