{"id":5311,"date":"2024-05-21T19:19:29","date_gmt":"2024-05-21T17:19:29","guid":{"rendered":"https:\/\/serbenidorm.daliisolutions.com\/index.php\/dm-podcast\/fernando-pastor-pp-asegura-que-la-reforma-en-la-sucesion-del-director-de-antifraude-es-la-misma-que-presento-el-botanic-en-2022\/"},"modified":"2024-05-21T19:19:29","modified_gmt":"2024-05-21T17:19:29","slug":"fernando-pastor-pp-asegura-que-la-reforma-en-la-sucesion-del-director-de-antifraude-es-la-misma-que-presento-el-botanic-en-2022","status":"publish","type":"dm-podcast","link":"https:\/\/serbenidorm.daliisolutions.com\/index.php\/dm-podcast\/fernando-pastor-pp-asegura-que-la-reforma-en-la-sucesion-del-director-de-antifraude-es-la-misma-que-presento-el-botanic-en-2022\/","title":{"rendered":"Fernando Pastor (PP) asegura que la reforma en la sucesi\u00f3n del director de Antifraude es la misma que present\u00f3 el Bot\u00e0nic en 2022"},"featured_media":0,"template":"","meta":{"_acf_changed":false},"dm-programa":[7],"class_list":["post-5311","dm-podcast","type-dm-podcast","status-publish","hentry","dm-programa-podcast-radio-valencia-hora-14-comunitat-valenciana-2298"],"acf":{"url":"https:\/\/sdmedia.playser.cadenaser.com\/playser\/multimedia\/20245\/21\/1716297016702_1716297044_audio_128.mp3"},"_links":{"self":[{"href":"https:\/\/serbenidorm.daliisolutions.com\/index.php\/wp-json\/wp\/v2\/dm-podcast\/5311","targetHints":{"allow":["GET"]}}],"collection":[{"href":"https:\/\/serbenidorm.daliisolutions.com\/index.php\/wp-json\/wp\/v2\/dm-podcast"}],"about":[{"href":"https:\/\/serbenidorm.daliisolutions.com\/index.php\/wp-json\/wp\/v2\/types\/dm-podcast"}],"wp:attachment":[{"href":"https:\/\/serbenidorm.daliisolutions.com\/index.php\/wp-json\/wp\/v2\/media?parent=5311"}],"wp:term":[{"taxonomy":"dm-programa","embeddable":true,"href":"https:\/\/serbenidorm.daliisolutions.com\/index.php\/wp-json\/wp\/v2\/dm-programa?post=5311"}],"curies":[{"name":"wp","href":"https:\/\/api.w.org\/{rel}","templated":true}]}}

Fernando Pastor (PP) asegura que la reforma en la sucesión del director de Antifraude es la misma que presentó el Botànic en 2022
