{"id":5399,"date":"2024-05-24T07:05:10","date_gmt":"2024-05-24T05:05:10","guid":{"rendered":"https:\/\/serbenidorm.daliisolutions.com\/index.php\/dm-podcast\/jose-luis-rodriguez-zapatero-habla-de-la-censura-de-la-pelicula-barbie\/"},"modified":"2024-05-24T07:05:10","modified_gmt":"2024-05-24T05:05:10","slug":"jose-luis-rodriguez-zapatero-habla-de-la-censura-de-la-pelicula-barbie","status":"publish","type":"dm-podcast","link":"https:\/\/serbenidorm.daliisolutions.com\/index.php\/dm-podcast\/jose-luis-rodriguez-zapatero-habla-de-la-censura-de-la-pelicula-barbie\/","title":{"rendered":"Jos\u00e9 Luis Rodr\u00edguez Zapatero habla de la censura de la pel\u00edcula Barbie"},"featured_media":0,"template":"","meta":{"_acf_changed":false},"dm-programa":[7],"class_list":["post-5399","dm-podcast","type-dm-podcast","status-publish","hentry","dm-programa-podcast-radio-valencia-hora-14-comunitat-valenciana-2298"],"acf":{"url":"https:\/\/sdmedia.playser.cadenaser.com\/playser\/multimedia\/20245\/23\/1716490087620_1716490124_audio_128.mp3"},"_links":{"self":[{"href":"https:\/\/serbenidorm.daliisolutions.com\/index.php\/wp-json\/wp\/v2\/dm-podcast\/5399","targetHints":{"allow":["GET"]}}],"collection":[{"href":"https:\/\/serbenidorm.daliisolutions.com\/index.php\/wp-json\/wp\/v2\/dm-podcast"}],"about":[{"href":"https:\/\/serbenidorm.daliisolutions.com\/index.php\/wp-json\/wp\/v2\/types\/dm-podcast"}],"wp:attachment":[{"href":"https:\/\/serbenidorm.daliisolutions.com\/index.php\/wp-json\/wp\/v2\/media?parent=5399"}],"wp:term":[{"taxonomy":"dm-programa","embeddable":true,"href":"https:\/\/serbenidorm.daliisolutions.com\/index.php\/wp-json\/wp\/v2\/dm-programa?post=5399"}],"curies":[{"name":"wp","href":"https:\/\/api.w.org\/{rel}","templated":true}]}}

José Luis Rodríguez Zapatero habla de la censura de la película Barbie
