{"id":5450,"date":"2024-05-25T14:21:30","date_gmt":"2024-05-25T12:21:30","guid":{"rendered":"https:\/\/serbenidorm.daliisolutions.com\/index.php\/dm-podcast\/francesc-herrera-comissio-ciutat-port-pide-una-nueva-legislacion-portuaria-en-toda-espana-y-que-se-usen-racionalmente-los-espacios-portuarios\/"},"modified":"2024-05-25T14:21:30","modified_gmt":"2024-05-25T12:21:30","slug":"francesc-herrera-comissio-ciutat-port-pide-una-nueva-legislacion-portuaria-en-toda-espana-y-que-se-usen-racionalmente-los-espacios-portuarios","status":"publish","type":"dm-podcast","link":"https:\/\/serbenidorm.daliisolutions.com\/index.php\/dm-podcast\/francesc-herrera-comissio-ciutat-port-pide-una-nueva-legislacion-portuaria-en-toda-espana-y-que-se-usen-racionalmente-los-espacios-portuarios\/","title":{"rendered":"Francesc Herrera (Comissi\u00f3 Ciutat-Port) pide una nueva legislaci\u00f3n portuaria en toda Espa\u00f1a y que se usen racionalmente los espacios portuarios"},"featured_media":0,"template":"","meta":{"_acf_changed":false},"dm-programa":[7],"class_list":["post-5450","dm-podcast","type-dm-podcast","status-publish","hentry","dm-programa-podcast-radio-valencia-hora-14-comunitat-valenciana-2298"],"acf":{"url":"https:\/\/sdmedia.playser.cadenaser.com\/playser\/multimedia\/20245\/25\/1716633242966_1716633236_audio_128.mp3"},"_links":{"self":[{"href":"https:\/\/serbenidorm.daliisolutions.com\/index.php\/wp-json\/wp\/v2\/dm-podcast\/5450","targetHints":{"allow":["GET"]}}],"collection":[{"href":"https:\/\/serbenidorm.daliisolutions.com\/index.php\/wp-json\/wp\/v2\/dm-podcast"}],"about":[{"href":"https:\/\/serbenidorm.daliisolutions.com\/index.php\/wp-json\/wp\/v2\/types\/dm-podcast"}],"wp:attachment":[{"href":"https:\/\/serbenidorm.daliisolutions.com\/index.php\/wp-json\/wp\/v2\/media?parent=5450"}],"wp:term":[{"taxonomy":"dm-programa","embeddable":true,"href":"https:\/\/serbenidorm.daliisolutions.com\/index.php\/wp-json\/wp\/v2\/dm-programa?post=5450"}],"curies":[{"name":"wp","href":"https:\/\/api.w.org\/{rel}","templated":true}]}}

Francesc Herrera (Comissió Ciutat-Port) pide una nueva legislación portuaria en toda España y que se usen racionalmente los espacios portuarios
