{"id":5451,"date":"2024-05-25T14:21:30","date_gmt":"2024-05-25T12:21:30","guid":{"rendered":"https:\/\/serbenidorm.daliisolutions.com\/index.php\/dm-podcast\/francesc-herrera-comissio-ciutat-port-estos-problemas-no-se-dan-solo-en-valencia-tambien-en-puertos-de-toda-espana\/"},"modified":"2024-05-25T14:21:30","modified_gmt":"2024-05-25T12:21:30","slug":"francesc-herrera-comissio-ciutat-port-estos-problemas-no-se-dan-solo-en-valencia-tambien-en-puertos-de-toda-espana","status":"publish","type":"dm-podcast","link":"https:\/\/serbenidorm.daliisolutions.com\/index.php\/dm-podcast\/francesc-herrera-comissio-ciutat-port-estos-problemas-no-se-dan-solo-en-valencia-tambien-en-puertos-de-toda-espana\/","title":{"rendered":"Francesc Herrera (Comissi\u00f3 Ciutat-Port): \u00abEstos problemas no se dan solo en Val\u00e8ncia, tambi\u00e9n en puertos de toda Espa\u00f1a\u00bb"},"featured_media":0,"template":"","meta":{"_acf_changed":false},"dm-programa":[7],"class_list":["post-5451","dm-podcast","type-dm-podcast","status-publish","hentry","dm-programa-podcast-radio-valencia-hora-14-comunitat-valenciana-2298"],"acf":{"url":"https:\/\/sdmedia.playser.cadenaser.com\/playser\/multimedia\/20245\/25\/1716633278080_1716633275_audio_128.mp3"},"_links":{"self":[{"href":"https:\/\/serbenidorm.daliisolutions.com\/index.php\/wp-json\/wp\/v2\/dm-podcast\/5451","targetHints":{"allow":["GET"]}}],"collection":[{"href":"https:\/\/serbenidorm.daliisolutions.com\/index.php\/wp-json\/wp\/v2\/dm-podcast"}],"about":[{"href":"https:\/\/serbenidorm.daliisolutions.com\/index.php\/wp-json\/wp\/v2\/types\/dm-podcast"}],"wp:attachment":[{"href":"https:\/\/serbenidorm.daliisolutions.com\/index.php\/wp-json\/wp\/v2\/media?parent=5451"}],"wp:term":[{"taxonomy":"dm-programa","embeddable":true,"href":"https:\/\/serbenidorm.daliisolutions.com\/index.php\/wp-json\/wp\/v2\/dm-programa?post=5451"}],"curies":[{"name":"wp","href":"https:\/\/api.w.org\/{rel}","templated":true}]}}

Francesc Herrera (Comissió Ciutat-Port): «Estos problemas no se dan solo en València, también en puertos de toda España»
