{"id":5453,"date":"2024-05-25T14:21:30","date_gmt":"2024-05-25T12:21:30","guid":{"rendered":""},"modified":"2024-05-25T14:21:30","modified_gmt":"2024-05-25T12:21:30","slug":"miquel-soler-exsecretario-autonomico-de-educacion-explica-que-se-firmo-estando-en-funciones-pero-que-llevaba-negociandose-desde-noviembre-de-2022-tras-una-nueva-normativa-estatal-que-obligaba-a-re","status":"publish","type":"dm-podcast","link":"https:\/\/serbenidorm.daliisolutions.com\/index.php\/dm-podcast\/miquel-soler-exsecretario-autonomico-de-educacion-explica-que-se-firmo-estando-en-funciones-pero-que-llevaba-negociandose-desde-noviembre-de-2022-tras-una-nueva-normativa-estatal-que-obligaba-a-re\/","title":{"rendered":"Miquel Soler (exsecretario auton\u00f3mico de Educaci\u00f3n) explica que se firm\u00f3 estando en funciones, pero que llevaba negoci\u00e1ndose desde noviembre de 2022, tras una nueva normativa estatal que obligaba a revisar los acuerdos de plantilla"},"featured_media":0,"template":"","meta":{"_acf_changed":false},"dm-programa":[7],"class_list":["post-5453","dm-podcast","type-dm-podcast","status-publish","hentry","dm-programa-podcast-radio-valencia-hora-14-comunitat-valenciana-2298"],"acf":{"url":"https:\/\/sdmedia.playser.cadenaser.com\/playser\/multimedia\/20245\/25\/1716637057529_1716637049_audio_128.mp3"},"_links":{"self":[{"href":"https:\/\/serbenidorm.daliisolutions.com\/index.php\/wp-json\/wp\/v2\/dm-podcast\/5453","targetHints":{"allow":["GET"]}}],"collection":[{"href":"https:\/\/serbenidorm.daliisolutions.com\/index.php\/wp-json\/wp\/v2\/dm-podcast"}],"about":[{"href":"https:\/\/serbenidorm.daliisolutions.com\/index.php\/wp-json\/wp\/v2\/types\/dm-podcast"}],"wp:attachment":[{"href":"https:\/\/serbenidorm.daliisolutions.com\/index.php\/wp-json\/wp\/v2\/media?parent=5453"}],"wp:term":[{"taxonomy":"dm-programa","embeddable":true,"href":"https:\/\/serbenidorm.daliisolutions.com\/index.php\/wp-json\/wp\/v2\/dm-programa?post=5453"}],"curies":[{"name":"wp","href":"https:\/\/api.w.org\/{rel}","templated":true}]}}

Miquel Soler (exsecretario autonómico de Educación) explica que se firmó estando en funciones, pero que llevaba negociándose desde noviembre de 2022, tras una nueva normativa estatal que obligaba a revisar los acuerdos de plantilla
