{"id":5457,"date":"2024-05-25T16:34:15","date_gmt":"2024-05-25T14:34:15","guid":{"rendered":"https:\/\/serbenidorm.daliisolutions.com\/index.php\/dm-podcast\/daniel-mcevoy-secretario-autonomico-de-educacion-senala-que-el-nuevo-equipo-no-tenia-otra-opcion-que-declarar-nulo-este-acuerdo-porque-a-diferencia-de-lo-que-defiende-soler-no-se-habia-hecho-med\/"},"modified":"2024-05-25T16:34:15","modified_gmt":"2024-05-25T14:34:15","slug":"daniel-mcevoy-secretario-autonomico-de-educacion-senala-que-el-nuevo-equipo-no-tenia-otra-opcion-que-declarar-nulo-este-acuerdo-porque-a-diferencia-de-lo-que-defiende-soler-no-se-habia-hecho-med","status":"publish","type":"dm-podcast","link":"https:\/\/serbenidorm.daliisolutions.com\/index.php\/dm-podcast\/daniel-mcevoy-secretario-autonomico-de-educacion-senala-que-el-nuevo-equipo-no-tenia-otra-opcion-que-declarar-nulo-este-acuerdo-porque-a-diferencia-de-lo-que-defiende-soler-no-se-habia-hecho-med\/","title":{"rendered":"Daniel McEvoy (secretario auton\u00f3mico de Educaci\u00f3n) se\u00f1ala que el nuevo equipo no ten\u00eda otra opci\u00f3n que declarar nulo este acuerdo porque, a diferencia de lo que defiende Soler, \u00abno se hab\u00eda hecho mediante el procedimiento adecuado\u00bb"},"featured_media":0,"template":"","meta":{"_acf_changed":false},"dm-programa":[7],"class_list":["post-5457","dm-podcast","type-dm-podcast","status-publish","hentry","dm-programa-podcast-radio-valencia-hora-14-comunitat-valenciana-2298"],"acf":{"url":"https:\/\/sdmedia.playser.cadenaser.com\/playser\/multimedia\/20245\/25\/1716637711741_1716637705_audio_128.mp3"},"_links":{"self":[{"href":"https:\/\/serbenidorm.daliisolutions.com\/index.php\/wp-json\/wp\/v2\/dm-podcast\/5457","targetHints":{"allow":["GET"]}}],"collection":[{"href":"https:\/\/serbenidorm.daliisolutions.com\/index.php\/wp-json\/wp\/v2\/dm-podcast"}],"about":[{"href":"https:\/\/serbenidorm.daliisolutions.com\/index.php\/wp-json\/wp\/v2\/types\/dm-podcast"}],"wp:attachment":[{"href":"https:\/\/serbenidorm.daliisolutions.com\/index.php\/wp-json\/wp\/v2\/media?parent=5457"}],"wp:term":[{"taxonomy":"dm-programa","embeddable":true,"href":"https:\/\/serbenidorm.daliisolutions.com\/index.php\/wp-json\/wp\/v2\/dm-programa?post=5457"}],"curies":[{"name":"wp","href":"https:\/\/api.w.org\/{rel}","templated":true}]}}

Daniel McEvoy (secretario autonómico de Educación) señala que el nuevo equipo no tenía otra opción que declarar nulo este acuerdo porque, a diferencia de lo que defiende Soler, «no se había hecho mediante el procedimiento adecuado»
