{"id":5461,"date":"2024-05-26T12:38:46","date_gmt":"2024-05-26T10:38:46","guid":{"rendered":"https:\/\/serbenidorm.daliisolutions.com\/index.php\/dm-podcast\/juanfran-perez-llorca-ppcv-este-partit-es-capac-de-fer-en-huit-mesos-el-que-el-botanic-no-va-fer-en-huit-anys\/"},"modified":"2024-05-26T12:38:46","modified_gmt":"2024-05-26T10:38:46","slug":"juanfran-perez-llorca-ppcv-este-partit-es-capac-de-fer-en-huit-mesos-el-que-el-botanic-no-va-fer-en-huit-anys","status":"publish","type":"dm-podcast","link":"https:\/\/serbenidorm.daliisolutions.com\/index.php\/dm-podcast\/juanfran-perez-llorca-ppcv-este-partit-es-capac-de-fer-en-huit-mesos-el-que-el-botanic-no-va-fer-en-huit-anys\/","title":{"rendered":"Juanfran P\u00e9rez Llorca (PPCV): \u00abEste partit \u00e9s capa\u00e7 de fer en huit mesos el que el Bot\u00e0nic no va fer en huit anys\u00bb"},"featured_media":0,"template":"","meta":{"_acf_changed":false},"dm-programa":[7],"class_list":["post-5461","dm-podcast","type-dm-podcast","status-publish","hentry","dm-programa-podcast-radio-valencia-hora-14-comunitat-valenciana-2298"],"acf":{"url":"https:\/\/sdmedia.playser.cadenaser.com\/playser\/multimedia\/20245\/25\/1716641916620_1716641939_audio_128.mp3"},"_links":{"self":[{"href":"https:\/\/serbenidorm.daliisolutions.com\/index.php\/wp-json\/wp\/v2\/dm-podcast\/5461","targetHints":{"allow":["GET"]}}],"collection":[{"href":"https:\/\/serbenidorm.daliisolutions.com\/index.php\/wp-json\/wp\/v2\/dm-podcast"}],"about":[{"href":"https:\/\/serbenidorm.daliisolutions.com\/index.php\/wp-json\/wp\/v2\/types\/dm-podcast"}],"wp:attachment":[{"href":"https:\/\/serbenidorm.daliisolutions.com\/index.php\/wp-json\/wp\/v2\/media?parent=5461"}],"wp:term":[{"taxonomy":"dm-programa","embeddable":true,"href":"https:\/\/serbenidorm.daliisolutions.com\/index.php\/wp-json\/wp\/v2\/dm-programa?post=5461"}],"curies":[{"name":"wp","href":"https:\/\/api.w.org\/{rel}","templated":true}]}}

Juanfran Pérez Llorca (PPCV): «Este partit és capaç de fer en huit mesos el que el Botànic no va fer en huit anys»
