{"id":5497,"date":"2024-05-27T13:53:38","date_gmt":"2024-05-27T11:53:38","guid":{"rendered":"https:\/\/serbenidorm.daliisolutions.com\/index.php\/dm-podcast\/nora-garcia-asicval-la-aparicion-de-los-alquileres-turisticos-ha-hecho-mucho-dano-al-alquiler-habitual\/"},"modified":"2024-05-27T13:53:38","modified_gmt":"2024-05-27T11:53:38","slug":"nora-garcia-asicval-la-aparicion-de-los-alquileres-turisticos-ha-hecho-mucho-dano-al-alquiler-habitual","status":"publish","type":"dm-podcast","link":"https:\/\/serbenidorm.daliisolutions.com\/index.php\/dm-podcast\/nora-garcia-asicval-la-aparicion-de-los-alquileres-turisticos-ha-hecho-mucho-dano-al-alquiler-habitual\/","title":{"rendered":"Nora Garc\u00eda (Asicval): \u00abLa aparici\u00f3n de los alquileres tur\u00edsticos ha hecho mucho da\u00f1o al alquiler habitual\u00bb"},"featured_media":0,"template":"","meta":{"_acf_changed":false},"dm-programa":[7],"class_list":["post-5497","dm-podcast","type-dm-podcast","status-publish","hentry","dm-programa-podcast-radio-valencia-hora-14-comunitat-valenciana-2298"],"acf":{"url":"https:\/\/sdmedia.playser.cadenaser.com\/playser\/multimedia\/20245\/27\/1716802149852_1716802294_audio_128.mp3"},"_links":{"self":[{"href":"https:\/\/serbenidorm.daliisolutions.com\/index.php\/wp-json\/wp\/v2\/dm-podcast\/5497","targetHints":{"allow":["GET"]}}],"collection":[{"href":"https:\/\/serbenidorm.daliisolutions.com\/index.php\/wp-json\/wp\/v2\/dm-podcast"}],"about":[{"href":"https:\/\/serbenidorm.daliisolutions.com\/index.php\/wp-json\/wp\/v2\/types\/dm-podcast"}],"wp:attachment":[{"href":"https:\/\/serbenidorm.daliisolutions.com\/index.php\/wp-json\/wp\/v2\/media?parent=5497"}],"wp:term":[{"taxonomy":"dm-programa","embeddable":true,"href":"https:\/\/serbenidorm.daliisolutions.com\/index.php\/wp-json\/wp\/v2\/dm-programa?post=5497"}],"curies":[{"name":"wp","href":"https:\/\/api.w.org\/{rel}","templated":true}]}}

Nora García (Asicval): «La aparición de los alquileres turísticos ha hecho mucho daño al alquiler habitual»
