{"id":5505,"date":"2024-05-27T13:53:38","date_gmt":"2024-05-27T11:53:38","guid":{"rendered":"https:\/\/serbenidorm.daliisolutions.com\/index.php\/dm-podcast\/juan-ramon-adsuara-alcalde-de-alfafar-afirma-que-el-problema-de-los-okupas-delincuentes-es-extensivo-a-toda-el-area-metropolitana-de-valencia\/"},"modified":"2024-05-27T13:53:38","modified_gmt":"2024-05-27T11:53:38","slug":"juan-ramon-adsuara-alcalde-de-alfafar-afirma-que-el-problema-de-los-okupas-delincuentes-es-extensivo-a-toda-el-area-metropolitana-de-valencia","status":"publish","type":"dm-podcast","link":"https:\/\/serbenidorm.daliisolutions.com\/index.php\/dm-podcast\/juan-ramon-adsuara-alcalde-de-alfafar-afirma-que-el-problema-de-los-okupas-delincuentes-es-extensivo-a-toda-el-area-metropolitana-de-valencia\/","title":{"rendered":"Juan Ram\u00f3n Adsuara (Alcalde de Alfafar) afirma que el problema de los okupas delincuentes es extensivo a toda el \u00e1rea metropolitana de Val\u00e8ncia"},"featured_media":0,"template":"","meta":{"_acf_changed":false},"dm-programa":[7],"class_list":["post-5505","dm-podcast","type-dm-podcast","status-publish","hentry","dm-programa-podcast-radio-valencia-hora-14-comunitat-valenciana-2298"],"acf":{"url":"https:\/\/sdmedia.playser.cadenaser.com\/playser\/multimedia\/20245\/27\/1716806759500_1716806791_audio_128.mp3"},"_links":{"self":[{"href":"https:\/\/serbenidorm.daliisolutions.com\/index.php\/wp-json\/wp\/v2\/dm-podcast\/5505","targetHints":{"allow":["GET"]}}],"collection":[{"href":"https:\/\/serbenidorm.daliisolutions.com\/index.php\/wp-json\/wp\/v2\/dm-podcast"}],"about":[{"href":"https:\/\/serbenidorm.daliisolutions.com\/index.php\/wp-json\/wp\/v2\/types\/dm-podcast"}],"wp:attachment":[{"href":"https:\/\/serbenidorm.daliisolutions.com\/index.php\/wp-json\/wp\/v2\/media?parent=5505"}],"wp:term":[{"taxonomy":"dm-programa","embeddable":true,"href":"https:\/\/serbenidorm.daliisolutions.com\/index.php\/wp-json\/wp\/v2\/dm-programa?post=5505"}],"curies":[{"name":"wp","href":"https:\/\/api.w.org\/{rel}","templated":true}]}}

Juan Ramón Adsuara (Alcalde de Alfafar) afirma que el problema de los okupas delincuentes es extensivo a toda el área metropolitana de València
