{"id":5506,"date":"2024-05-27T14:45:17","date_gmt":"2024-05-27T12:45:17","guid":{"rendered":"https:\/\/serbenidorm.daliisolutions.com\/index.php\/dm-podcast\/jose-ramon-gonzalez-de-zarate-pp-queremos-reducir-la-burocracia-en-europa-para-nuestro-tejido-productivo\/"},"modified":"2024-05-27T14:45:17","modified_gmt":"2024-05-27T12:45:17","slug":"jose-ramon-gonzalez-de-zarate-pp-queremos-reducir-la-burocracia-en-europa-para-nuestro-tejido-productivo","status":"publish","type":"dm-podcast","link":"https:\/\/serbenidorm.daliisolutions.com\/index.php\/dm-podcast\/jose-ramon-gonzalez-de-zarate-pp-queremos-reducir-la-burocracia-en-europa-para-nuestro-tejido-productivo\/","title":{"rendered":"Jos\u00e9 Ram\u00f3n Gonz\u00e1lez de Z\u00e1rate (PP): \u00bbQueremos reducir la burocracia en Europa para nuestro tejido productivo\u00bb"},"featured_media":0,"template":"","meta":{"_acf_changed":false},"dm-programa":[10],"class_list":["post-5506","dm-podcast","type-dm-podcast","status-publish","hentry","dm-programa-podcast-radio-benidorm-hoy-por-hoy-benidorm-2992"],"acf":{"url":"https:\/\/sdmedia.playser.cadenaser.com\/playser\/multimedia\/20245\/27\/1716806479200_1716806594_audio_128.mp3"},"_links":{"self":[{"href":"https:\/\/serbenidorm.daliisolutions.com\/index.php\/wp-json\/wp\/v2\/dm-podcast\/5506","targetHints":{"allow":["GET"]}}],"collection":[{"href":"https:\/\/serbenidorm.daliisolutions.com\/index.php\/wp-json\/wp\/v2\/dm-podcast"}],"about":[{"href":"https:\/\/serbenidorm.daliisolutions.com\/index.php\/wp-json\/wp\/v2\/types\/dm-podcast"}],"wp:attachment":[{"href":"https:\/\/serbenidorm.daliisolutions.com\/index.php\/wp-json\/wp\/v2\/media?parent=5506"}],"wp:term":[{"taxonomy":"dm-programa","embeddable":true,"href":"https:\/\/serbenidorm.daliisolutions.com\/index.php\/wp-json\/wp\/v2\/dm-programa?post=5506"}],"curies":[{"name":"wp","href":"https:\/\/api.w.org\/{rel}","templated":true}]}}

José Ramón González de Zárate (PP): »Queremos reducir la burocracia en Europa para nuestro tejido productivo»
