{"id":5508,"date":"2024-05-27T14:45:18","date_gmt":"2024-05-27T12:45:18","guid":{"rendered":"https:\/\/serbenidorm.daliisolutions.com\/index.php\/dm-podcast\/lalfas-del-pi-municipio-con-mas-centros-azules-de-europa-segun-adeac\/"},"modified":"2024-05-27T14:45:18","modified_gmt":"2024-05-27T12:45:18","slug":"lalfas-del-pi-municipio-con-mas-centros-azules-de-europa-segun-adeac","status":"publish","type":"dm-podcast","link":"https:\/\/serbenidorm.daliisolutions.com\/index.php\/dm-podcast\/lalfas-del-pi-municipio-con-mas-centros-azules-de-europa-segun-adeac\/","title":{"rendered":"L&#8217;Alf\u00e0s del Pi, municipio con m\u00e1s Centros Azules de Europa seg\u00fan ADEAC"},"featured_media":0,"template":"","meta":{"_acf_changed":false},"dm-programa":[2],"class_list":["post-5508","dm-podcast","type-dm-podcast","status-publish","hentry","dm-programa-podcast-radio-benidorm-3154"],"acf":{"url":"https:\/\/sdmedia.playser.cadenaser.com\/playser\/multimedia\/20245\/27\/1716808725223_1716808808_audio_128.mp3"},"_links":{"self":[{"href":"https:\/\/serbenidorm.daliisolutions.com\/index.php\/wp-json\/wp\/v2\/dm-podcast\/5508","targetHints":{"allow":["GET"]}}],"collection":[{"href":"https:\/\/serbenidorm.daliisolutions.com\/index.php\/wp-json\/wp\/v2\/dm-podcast"}],"about":[{"href":"https:\/\/serbenidorm.daliisolutions.com\/index.php\/wp-json\/wp\/v2\/types\/dm-podcast"}],"wp:attachment":[{"href":"https:\/\/serbenidorm.daliisolutions.com\/index.php\/wp-json\/wp\/v2\/media?parent=5508"}],"wp:term":[{"taxonomy":"dm-programa","embeddable":true,"href":"https:\/\/serbenidorm.daliisolutions.com\/index.php\/wp-json\/wp\/v2\/dm-programa?post=5508"}],"curies":[{"name":"wp","href":"https:\/\/api.w.org\/{rel}","templated":true}]}}

L&#8217;Alfàs del Pi, municipio con más Centros Azules de Europa según ADEAC
