{"id":5513,"date":"2024-05-27T16:23:17","date_gmt":"2024-05-27T14:23:17","guid":{"rendered":"https:\/\/serbenidorm.daliisolutions.com\/index.php\/dm-podcast\/antonio-olmedo-federacion-de-promotores-expectante-ante-el-reglamento-de-proteccion-publica-que-prepara-mazon\/"},"modified":"2024-05-27T16:23:17","modified_gmt":"2024-05-27T14:23:17","slug":"antonio-olmedo-federacion-de-promotores-expectante-ante-el-reglamento-de-proteccion-publica-que-prepara-mazon","status":"publish","type":"dm-podcast","link":"https:\/\/serbenidorm.daliisolutions.com\/index.php\/dm-podcast\/antonio-olmedo-federacion-de-promotores-expectante-ante-el-reglamento-de-proteccion-publica-que-prepara-mazon\/","title":{"rendered":"Antonio Olmedo (Federaci\u00f3n de Promotores), expectante ante el reglamento de protecci\u00f3n p\u00fablica que prepara Maz\u00f3n"},"featured_media":0,"template":"","meta":{"_acf_changed":false},"dm-programa":[7],"class_list":["post-5513","dm-podcast","type-dm-podcast","status-publish","hentry","dm-programa-podcast-radio-valencia-hora-14-comunitat-valenciana-2298"],"acf":{"url":"https:\/\/sdmedia.playser.cadenaser.com\/playser\/multimedia\/20245\/27\/1716809391632_1716809546_audio_128.mp3"},"_links":{"self":[{"href":"https:\/\/serbenidorm.daliisolutions.com\/index.php\/wp-json\/wp\/v2\/dm-podcast\/5513","targetHints":{"allow":["GET"]}}],"collection":[{"href":"https:\/\/serbenidorm.daliisolutions.com\/index.php\/wp-json\/wp\/v2\/dm-podcast"}],"about":[{"href":"https:\/\/serbenidorm.daliisolutions.com\/index.php\/wp-json\/wp\/v2\/types\/dm-podcast"}],"wp:attachment":[{"href":"https:\/\/serbenidorm.daliisolutions.com\/index.php\/wp-json\/wp\/v2\/media?parent=5513"}],"wp:term":[{"taxonomy":"dm-programa","embeddable":true,"href":"https:\/\/serbenidorm.daliisolutions.com\/index.php\/wp-json\/wp\/v2\/dm-programa?post=5513"}],"curies":[{"name":"wp","href":"https:\/\/api.w.org\/{rel}","templated":true}]}}

Antonio Olmedo (Federación de Promotores), expectante ante el reglamento de protección pública que prepara Mazón
