{"id":5558,"date":"2024-05-28T16:44:00","date_gmt":"2024-05-28T14:44:00","guid":{"rendered":"https:\/\/serbenidorm.daliisolutions.com\/index.php\/dm-podcast\/carlos-mazon-president-de-la-generalitat-hace-balance-en-les-corts-tras-un-ano-de-su-victoria-en-las-elecciones-autonomicas\/"},"modified":"2024-05-28T16:44:00","modified_gmt":"2024-05-28T14:44:00","slug":"carlos-mazon-president-de-la-generalitat-hace-balance-en-les-corts-tras-un-ano-de-su-victoria-en-las-elecciones-autonomicas","status":"publish","type":"dm-podcast","link":"https:\/\/serbenidorm.daliisolutions.com\/index.php\/dm-podcast\/carlos-mazon-president-de-la-generalitat-hace-balance-en-les-corts-tras-un-ano-de-su-victoria-en-las-elecciones-autonomicas\/","title":{"rendered":"Carlos Maz\u00f3n, president de la Generalitat, hace balance en les Corts tras un a\u00f1o de su victoria en las elecciones auton\u00f3micas"},"featured_media":0,"template":"","meta":{"_acf_changed":false},"dm-programa":[7],"class_list":["post-5558","dm-podcast","type-dm-podcast","status-publish","hentry","dm-programa-podcast-radio-valencia-hora-14-comunitat-valenciana-2298"],"acf":{"url":"https:\/\/sdmedia.playser.cadenaser.com\/playser\/multimedia\/20245\/28\/1716899558441_1716899587_audio_128.mp3"},"_links":{"self":[{"href":"https:\/\/serbenidorm.daliisolutions.com\/index.php\/wp-json\/wp\/v2\/dm-podcast\/5558","targetHints":{"allow":["GET"]}}],"collection":[{"href":"https:\/\/serbenidorm.daliisolutions.com\/index.php\/wp-json\/wp\/v2\/dm-podcast"}],"about":[{"href":"https:\/\/serbenidorm.daliisolutions.com\/index.php\/wp-json\/wp\/v2\/types\/dm-podcast"}],"wp:attachment":[{"href":"https:\/\/serbenidorm.daliisolutions.com\/index.php\/wp-json\/wp\/v2\/media?parent=5558"}],"wp:term":[{"taxonomy":"dm-programa","embeddable":true,"href":"https:\/\/serbenidorm.daliisolutions.com\/index.php\/wp-json\/wp\/v2\/dm-programa?post=5558"}],"curies":[{"name":"wp","href":"https:\/\/api.w.org\/{rel}","templated":true}]}}

Carlos Mazón, president de la Generalitat, hace balance en les Corts tras un año de su victoria en las elecciones autonómicas
