{"id":5575,"date":"2024-05-29T07:15:25","date_gmt":"2024-05-29T05:15:25","guid":{"rendered":"https:\/\/serbenidorm.daliisolutions.com\/index.php\/dm-podcast\/joan-baldovi-compromis-afirma-que-este-ano-ha-empeorado-la-vida-de-los-ciudadanos-porque-el-consell-de-mazon-no-invierte-en-servicios-sociales-educacion-y-sanidad\/"},"modified":"2024-05-29T07:15:25","modified_gmt":"2024-05-29T05:15:25","slug":"joan-baldovi-compromis-afirma-que-este-ano-ha-empeorado-la-vida-de-los-ciudadanos-porque-el-consell-de-mazon-no-invierte-en-servicios-sociales-educacion-y-sanidad","status":"publish","type":"dm-podcast","link":"https:\/\/serbenidorm.daliisolutions.com\/index.php\/dm-podcast\/joan-baldovi-compromis-afirma-que-este-ano-ha-empeorado-la-vida-de-los-ciudadanos-porque-el-consell-de-mazon-no-invierte-en-servicios-sociales-educacion-y-sanidad\/","title":{"rendered":"Joan Baldov\u00ed (Comprom\u00eds) afirma que este a\u00f1o ha empeorado la vida de los ciudadanos porque el Consell de Maz\u00f3n \u00abno invierte en servicios sociales, educaci\u00f3n y sanidad\u00bb"},"featured_media":0,"template":"","meta":{"_acf_changed":false},"dm-programa":[7],"class_list":["post-5575","dm-podcast","type-dm-podcast","status-publish","hentry","dm-programa-podcast-radio-valencia-hora-14-comunitat-valenciana-2298"],"acf":{"url":"https:\/\/sdmedia.playser.cadenaser.com\/playser\/multimedia\/20245\/28\/1716900045593_1716900146_audio_128.mp3"},"_links":{"self":[{"href":"https:\/\/serbenidorm.daliisolutions.com\/index.php\/wp-json\/wp\/v2\/dm-podcast\/5575","targetHints":{"allow":["GET"]}}],"collection":[{"href":"https:\/\/serbenidorm.daliisolutions.com\/index.php\/wp-json\/wp\/v2\/dm-podcast"}],"about":[{"href":"https:\/\/serbenidorm.daliisolutions.com\/index.php\/wp-json\/wp\/v2\/types\/dm-podcast"}],"wp:attachment":[{"href":"https:\/\/serbenidorm.daliisolutions.com\/index.php\/wp-json\/wp\/v2\/media?parent=5575"}],"wp:term":[{"taxonomy":"dm-programa","embeddable":true,"href":"https:\/\/serbenidorm.daliisolutions.com\/index.php\/wp-json\/wp\/v2\/dm-programa?post=5575"}],"curies":[{"name":"wp","href":"https:\/\/api.w.org\/{rel}","templated":true}]}}

Joan Baldoví (Compromís) afirma que este año ha empeorado la vida de los ciudadanos porque el Consell de Mazón «no invierte en servicios sociales, educación y sanidad»
