{"id":5588,"date":"2024-05-29T14:05:44","date_gmt":"2024-05-29T12:05:44","guid":{"rendered":"https:\/\/serbenidorm.daliisolutions.com\/index.php\/dm-podcast\/jose-antonio-rovira-conseller-deducacio-sobre-los-arreglos-en-la-ensenanza-publica-y-concertada-cuando-tengamos-los-datos-de-matricula-obraremos-en-consecuencia-e-informaremos\/"},"modified":"2024-05-29T14:05:44","modified_gmt":"2024-05-29T12:05:44","slug":"jose-antonio-rovira-conseller-deducacio-sobre-los-arreglos-en-la-ensenanza-publica-y-concertada-cuando-tengamos-los-datos-de-matricula-obraremos-en-consecuencia-e-informaremos","status":"publish","type":"dm-podcast","link":"https:\/\/serbenidorm.daliisolutions.com\/index.php\/dm-podcast\/jose-antonio-rovira-conseller-deducacio-sobre-los-arreglos-en-la-ensenanza-publica-y-concertada-cuando-tengamos-los-datos-de-matricula-obraremos-en-consecuencia-e-informaremos\/","title":{"rendered":"Jos\u00e9 Antonio Rovira, conseller d&#8217;Educaci\u00f3, sobre los arreglos en la ense\u00f1anza p\u00fablica y concertada: \u00abCuando tengamos los datos de matr\u00edcula, obraremos en consecuencia e informaremos\u00bb"},"featured_media":0,"template":"","meta":{"_acf_changed":false},"dm-programa":[7],"class_list":["post-5588","dm-podcast","type-dm-podcast","status-publish","hentry","dm-programa-podcast-radio-valencia-hora-14-comunitat-valenciana-2298"],"acf":{"url":"https:\/\/sdmedia.playser.cadenaser.com\/playser\/multimedia\/20245\/29\/1716980380210_1716980440_audio_128.mp3"},"_links":{"self":[{"href":"https:\/\/serbenidorm.daliisolutions.com\/index.php\/wp-json\/wp\/v2\/dm-podcast\/5588","targetHints":{"allow":["GET"]}}],"collection":[{"href":"https:\/\/serbenidorm.daliisolutions.com\/index.php\/wp-json\/wp\/v2\/dm-podcast"}],"about":[{"href":"https:\/\/serbenidorm.daliisolutions.com\/index.php\/wp-json\/wp\/v2\/types\/dm-podcast"}],"wp:attachment":[{"href":"https:\/\/serbenidorm.daliisolutions.com\/index.php\/wp-json\/wp\/v2\/media?parent=5588"}],"wp:term":[{"taxonomy":"dm-programa","embeddable":true,"href":"https:\/\/serbenidorm.daliisolutions.com\/index.php\/wp-json\/wp\/v2\/dm-programa?post=5588"}],"curies":[{"name":"wp","href":"https:\/\/api.w.org\/{rel}","templated":true}]}}

José Antonio Rovira, conseller d&#8217;Educació, sobre los arreglos en la enseñanza pública y concertada: «Cuando tengamos los datos de matrícula, obraremos en consecuencia e informaremos»
