{"id":5589,"date":"2024-05-29T14:05:44","date_gmt":"2024-05-29T12:05:44","guid":{"rendered":"https:\/\/serbenidorm.daliisolutions.com\/index.php\/dm-podcast\/jose-antonio-rovira-conseller-deducacio-insiste-en-que-el-acuerdo-de-plantillas-en-la-ensenanza-no-es-legal\/"},"modified":"2024-05-29T14:05:44","modified_gmt":"2024-05-29T12:05:44","slug":"jose-antonio-rovira-conseller-deducacio-insiste-en-que-el-acuerdo-de-plantillas-en-la-ensenanza-no-es-legal","status":"publish","type":"dm-podcast","link":"https:\/\/serbenidorm.daliisolutions.com\/index.php\/dm-podcast\/jose-antonio-rovira-conseller-deducacio-insiste-en-que-el-acuerdo-de-plantillas-en-la-ensenanza-no-es-legal\/","title":{"rendered":"Jos\u00e9 Antonio Rovira, conseller d&#8217;Educaci\u00f3, insiste en que el acuerdo de plantillas en la ense\u00f1anza no es legal"},"featured_media":0,"template":"","meta":{"_acf_changed":false},"dm-programa":[7],"class_list":["post-5589","dm-podcast","type-dm-podcast","status-publish","hentry","dm-programa-podcast-radio-valencia-hora-14-comunitat-valenciana-2298"],"acf":{"url":"https:\/\/sdmedia.playser.cadenaser.com\/playser\/multimedia\/20245\/29\/1716980469003_1716980517_audio_128.mp3"},"_links":{"self":[{"href":"https:\/\/serbenidorm.daliisolutions.com\/index.php\/wp-json\/wp\/v2\/dm-podcast\/5589","targetHints":{"allow":["GET"]}}],"collection":[{"href":"https:\/\/serbenidorm.daliisolutions.com\/index.php\/wp-json\/wp\/v2\/dm-podcast"}],"about":[{"href":"https:\/\/serbenidorm.daliisolutions.com\/index.php\/wp-json\/wp\/v2\/types\/dm-podcast"}],"wp:attachment":[{"href":"https:\/\/serbenidorm.daliisolutions.com\/index.php\/wp-json\/wp\/v2\/media?parent=5589"}],"wp:term":[{"taxonomy":"dm-programa","embeddable":true,"href":"https:\/\/serbenidorm.daliisolutions.com\/index.php\/wp-json\/wp\/v2\/dm-programa?post=5589"}],"curies":[{"name":"wp","href":"https:\/\/api.w.org\/{rel}","templated":true}]}}

José Antonio Rovira, conseller d&#8217;Educació, insiste en que el acuerdo de plantillas en la enseñanza no es legal
