{"id":5604,"date":"2024-05-29T17:03:05","date_gmt":"2024-05-29T15:03:05","guid":{"rendered":"https:\/\/serbenidorm.daliisolutions.com\/index.php\/dm-podcast\/jose-munoz-pspv-senala-que-la-sociedad-valenciana-no-ha-absuelto-al-expresident-camps-e-insiste-en-que-fue-el-responsable-de-las-peores-etapas-politicas-de-la-comunitat-valenciana\/"},"modified":"2024-05-29T17:03:05","modified_gmt":"2024-05-29T15:03:05","slug":"jose-munoz-pspv-senala-que-la-sociedad-valenciana-no-ha-absuelto-al-expresident-camps-e-insiste-en-que-fue-el-responsable-de-las-peores-etapas-politicas-de-la-comunitat-valenciana","status":"publish","type":"dm-podcast","link":"https:\/\/serbenidorm.daliisolutions.com\/index.php\/dm-podcast\/jose-munoz-pspv-senala-que-la-sociedad-valenciana-no-ha-absuelto-al-expresident-camps-e-insiste-en-que-fue-el-responsable-de-las-peores-etapas-politicas-de-la-comunitat-valenciana\/","title":{"rendered":"Jos\u00e9 Mu\u00f1oz (PSPV) se\u00f1ala que la sociedad valenciana no ha absuelto al expresident Camps e insiste en que fue \u00abel responsable de las peores etapas pol\u00edticas\u00bb de la Comunitat Valenciana"},"featured_media":0,"template":"","meta":{"_acf_changed":false},"dm-programa":[7],"class_list":["post-5604","dm-podcast","type-dm-podcast","status-publish","hentry","dm-programa-podcast-radio-valencia-hora-14-comunitat-valenciana-2298"],"acf":{"url":"https:\/\/sdmedia.playser.cadenaser.com\/playser\/multimedia\/20245\/29\/1716982962765_1716983028_audio_128.mp3"},"_links":{"self":[{"href":"https:\/\/serbenidorm.daliisolutions.com\/index.php\/wp-json\/wp\/v2\/dm-podcast\/5604","targetHints":{"allow":["GET"]}}],"collection":[{"href":"https:\/\/serbenidorm.daliisolutions.com\/index.php\/wp-json\/wp\/v2\/dm-podcast"}],"about":[{"href":"https:\/\/serbenidorm.daliisolutions.com\/index.php\/wp-json\/wp\/v2\/types\/dm-podcast"}],"wp:attachment":[{"href":"https:\/\/serbenidorm.daliisolutions.com\/index.php\/wp-json\/wp\/v2\/media?parent=5604"}],"wp:term":[{"taxonomy":"dm-programa","embeddable":true,"href":"https:\/\/serbenidorm.daliisolutions.com\/index.php\/wp-json\/wp\/v2\/dm-programa?post=5604"}],"curies":[{"name":"wp","href":"https:\/\/api.w.org\/{rel}","templated":true}]}}

José Muñoz (PSPV) señala que la sociedad valenciana no ha absuelto al expresident Camps e insiste en que fue «el responsable de las peores etapas políticas» de la Comunitat Valenciana
