{"id":5605,"date":"2024-05-29T17:03:05","date_gmt":"2024-05-29T15:03:05","guid":{"rendered":"https:\/\/serbenidorm.daliisolutions.com\/index.php\/dm-podcast\/joan-baldovi-compromis-asegura-que-la-trama-gurtel-hizo-nido-en-la-comunitat-valenciana-por-el-gobierno-que-presidia-francisco-camps\/"},"modified":"2024-05-29T17:03:05","modified_gmt":"2024-05-29T15:03:05","slug":"joan-baldovi-compromis-asegura-que-la-trama-gurtel-hizo-nido-en-la-comunitat-valenciana-por-el-gobierno-que-presidia-francisco-camps","status":"publish","type":"dm-podcast","link":"https:\/\/serbenidorm.daliisolutions.com\/index.php\/dm-podcast\/joan-baldovi-compromis-asegura-que-la-trama-gurtel-hizo-nido-en-la-comunitat-valenciana-por-el-gobierno-que-presidia-francisco-camps\/","title":{"rendered":"Joan Baldov\u00ed (Comprom\u00eds) asegura que la trama G\u00fcrtel \u00abhizo nido en la Comunitat Valenciana por el gobierno que presid\u00eda Francisco Camps\u00bb"},"featured_media":0,"template":"","meta":{"_acf_changed":false},"dm-programa":[7],"class_list":["post-5605","dm-podcast","type-dm-podcast","status-publish","hentry","dm-programa-podcast-radio-valencia-hora-14-comunitat-valenciana-2298"],"acf":{"url":"https:\/\/sdmedia.playser.cadenaser.com\/playser\/multimedia\/20245\/29\/1716983064624_1716983130_audio_128.mp3"},"_links":{"self":[{"href":"https:\/\/serbenidorm.daliisolutions.com\/index.php\/wp-json\/wp\/v2\/dm-podcast\/5605","targetHints":{"allow":["GET"]}}],"collection":[{"href":"https:\/\/serbenidorm.daliisolutions.com\/index.php\/wp-json\/wp\/v2\/dm-podcast"}],"about":[{"href":"https:\/\/serbenidorm.daliisolutions.com\/index.php\/wp-json\/wp\/v2\/types\/dm-podcast"}],"wp:attachment":[{"href":"https:\/\/serbenidorm.daliisolutions.com\/index.php\/wp-json\/wp\/v2\/media?parent=5605"}],"wp:term":[{"taxonomy":"dm-programa","embeddable":true,"href":"https:\/\/serbenidorm.daliisolutions.com\/index.php\/wp-json\/wp\/v2\/dm-programa?post=5605"}],"curies":[{"name":"wp","href":"https:\/\/api.w.org\/{rel}","templated":true}]}}

Joan Baldoví (Compromís) asegura que la trama Gürtel «hizo nido en la Comunitat Valenciana por el gobierno que presidía Francisco Camps»
