{"id":5621,"date":"2024-05-30T07:08:19","date_gmt":"2024-05-30T05:08:19","guid":{"rendered":"https:\/\/serbenidorm.daliisolutions.com\/index.php\/dm-podcast\/entrevista-en-la-ventana-28-05-2024-el-valenciano-hospitalizado-en-cancun-ya-esta-en-espana-no-sabemos-la-forma-de-agradecer-toda-la-ayuda-recibida\/"},"modified":"2024-05-30T07:08:19","modified_gmt":"2024-05-30T05:08:19","slug":"entrevista-en-la-ventana-28-05-2024-el-valenciano-hospitalizado-en-cancun-ya-esta-en-espana-no-sabemos-la-forma-de-agradecer-toda-la-ayuda-recibida","status":"publish","type":"dm-podcast","link":"https:\/\/serbenidorm.daliisolutions.com\/index.php\/dm-podcast\/entrevista-en-la-ventana-28-05-2024-el-valenciano-hospitalizado-en-cancun-ya-esta-en-espana-no-sabemos-la-forma-de-agradecer-toda-la-ayuda-recibida\/","title":{"rendered":"Entrevista en La Ventana (28-05-2024): El valenciano hospitalizado en Canc\u00fan ya est\u00e1 en Espa\u00f1a: \u00abNo sabemos la forma de agradecer toda la ayuda recibida\u00bb"},"featured_media":0,"template":"","meta":{"_acf_changed":false},"dm-programa":[6],"class_list":["post-5621","dm-podcast","type-dm-podcast","status-publish","hentry","dm-programa-podcast-radio-valencia-la-ventana-comunitat-valenciana-2292"],"acf":{"url":"https:\/\/sdmedia.playser.cadenaser.com\/playser\/multimedia\/20245\/28\/1716905830349_1716905839_audio_128.mp3"},"_links":{"self":[{"href":"https:\/\/serbenidorm.daliisolutions.com\/index.php\/wp-json\/wp\/v2\/dm-podcast\/5621","targetHints":{"allow":["GET"]}}],"collection":[{"href":"https:\/\/serbenidorm.daliisolutions.com\/index.php\/wp-json\/wp\/v2\/dm-podcast"}],"about":[{"href":"https:\/\/serbenidorm.daliisolutions.com\/index.php\/wp-json\/wp\/v2\/types\/dm-podcast"}],"wp:attachment":[{"href":"https:\/\/serbenidorm.daliisolutions.com\/index.php\/wp-json\/wp\/v2\/media?parent=5621"}],"wp:term":[{"taxonomy":"dm-programa","embeddable":true,"href":"https:\/\/serbenidorm.daliisolutions.com\/index.php\/wp-json\/wp\/v2\/dm-programa?post=5621"}],"curies":[{"name":"wp","href":"https:\/\/api.w.org\/{rel}","templated":true}]}}

Entrevista en La Ventana (28-05-2024): El valenciano hospitalizado en Cancún ya está en España: «No sabemos la forma de agradecer toda la ayuda recibida»
