{"id":5677,"date":"2024-05-31T13:45:29","date_gmt":"2024-05-31T11:45:29","guid":{"rendered":"https:\/\/serbenidorm.daliisolutions.com\/index.php\/dm-podcast\/el-atletismo-espanol-en-paris-2024-afrontara-su-ultimo-gran-examen-en-la-nucia\/"},"modified":"2024-05-31T13:45:29","modified_gmt":"2024-05-31T11:45:29","slug":"el-atletismo-espanol-en-paris-2024-afrontara-su-ultimo-gran-examen-en-la-nucia","status":"publish","type":"dm-podcast","link":"https:\/\/serbenidorm.daliisolutions.com\/index.php\/dm-podcast\/el-atletismo-espanol-en-paris-2024-afrontara-su-ultimo-gran-examen-en-la-nucia\/","title":{"rendered":"El atletismo espa\u00f1ol en Par\u00eds 2024 afrontar\u00e1 su \u00faltimo gran examen en La Nuc\u00eda"},"featured_media":0,"template":"","meta":{"_acf_changed":false},"dm-programa":[2],"class_list":["post-5677","dm-podcast","type-dm-podcast","status-publish","hentry","dm-programa-podcast-radio-benidorm-3154"],"acf":{"url":"https:\/\/sdmedia.playser.cadenaser.com\/playser\/multimedia\/20245\/31\/1717149514145_1717149511_audio_128.mp3"},"_links":{"self":[{"href":"https:\/\/serbenidorm.daliisolutions.com\/index.php\/wp-json\/wp\/v2\/dm-podcast\/5677","targetHints":{"allow":["GET"]}}],"collection":[{"href":"https:\/\/serbenidorm.daliisolutions.com\/index.php\/wp-json\/wp\/v2\/dm-podcast"}],"about":[{"href":"https:\/\/serbenidorm.daliisolutions.com\/index.php\/wp-json\/wp\/v2\/types\/dm-podcast"}],"wp:attachment":[{"href":"https:\/\/serbenidorm.daliisolutions.com\/index.php\/wp-json\/wp\/v2\/media?parent=5677"}],"wp:term":[{"taxonomy":"dm-programa","embeddable":true,"href":"https:\/\/serbenidorm.daliisolutions.com\/index.php\/wp-json\/wp\/v2\/dm-programa?post=5677"}],"curies":[{"name":"wp","href":"https:\/\/api.w.org\/{rel}","templated":true}]}}

El atletismo español en París 2024 afrontará su último gran examen en La Nucía
