{"id":5687,"date":"2024-05-31T14:51:26","date_gmt":"2024-05-31T12:51:26","guid":{"rendered":"https:\/\/serbenidorm.daliisolutions.com\/index.php\/dm-podcast\/el-numero-dos-del-pp-valenciano-juanfran-perez-llorca-dice-que-el-futuro-de-camps-depende-de-genova\/"},"modified":"2024-05-31T14:51:26","modified_gmt":"2024-05-31T12:51:26","slug":"el-numero-dos-del-pp-valenciano-juanfran-perez-llorca-dice-que-el-futuro-de-camps-depende-de-genova","status":"publish","type":"dm-podcast","link":"https:\/\/serbenidorm.daliisolutions.com\/index.php\/dm-podcast\/el-numero-dos-del-pp-valenciano-juanfran-perez-llorca-dice-que-el-futuro-de-camps-depende-de-genova\/","title":{"rendered":"El n\u00famero dos del PP valenciano, Juanfran P\u00e9rez Llorca dice que el futuro de Camps depende de G\u00e9nova"},"featured_media":0,"template":"","meta":{"_acf_changed":false},"dm-programa":[7],"class_list":["post-5687","dm-podcast","type-dm-podcast","status-publish","hentry","dm-programa-podcast-radio-valencia-hora-14-comunitat-valenciana-2298"],"acf":{"url":"https:\/\/sdmedia.playser.cadenaser.com\/playser\/multimedia\/20245\/31\/1717156625923_1717156643_audio_128.mp3"},"_links":{"self":[{"href":"https:\/\/serbenidorm.daliisolutions.com\/index.php\/wp-json\/wp\/v2\/dm-podcast\/5687","targetHints":{"allow":["GET"]}}],"collection":[{"href":"https:\/\/serbenidorm.daliisolutions.com\/index.php\/wp-json\/wp\/v2\/dm-podcast"}],"about":[{"href":"https:\/\/serbenidorm.daliisolutions.com\/index.php\/wp-json\/wp\/v2\/types\/dm-podcast"}],"wp:attachment":[{"href":"https:\/\/serbenidorm.daliisolutions.com\/index.php\/wp-json\/wp\/v2\/media?parent=5687"}],"wp:term":[{"taxonomy":"dm-programa","embeddable":true,"href":"https:\/\/serbenidorm.daliisolutions.com\/index.php\/wp-json\/wp\/v2\/dm-programa?post=5687"}],"curies":[{"name":"wp","href":"https:\/\/api.w.org\/{rel}","templated":true}]}}

El número dos del PP valenciano, Juanfran Pérez Llorca dice que el futuro de Camps depende de Génova
